{"id":5,"date":"2016-08-03T17:44:24","date_gmt":"2016-08-03T15:44:24","guid":{"rendered":"https:\/\/www.basketclubs.be\/bcjse\/?page_id=5"},"modified":"2025-03-17T23:11:10","modified_gmt":"2025-03-17T22:11:10","slug":"committee","status":"publish","type":"page","link":"https:\/\/www.basketclubs.be\/bcjse\/committee\/","title":{"rendered":"Comit\u00e9"},"content":{"rendered":"<p>&nbsp;<\/p>\n<h6><strong><span style=\"color: #0000ff\"><em>Comit\u00e9 g\u00e9n\u00e9ral<\/em><\/span><\/strong> : Ludovic GUYOT , Nora GOSSELIN , Damien FIEVET , Baptiste GUYOT<\/h6>\n<h6><strong><em><span style=\"color: #0000ff\">Comit\u00e9 sportif<\/span> <\/em><\/strong>: Ludovic GUYOT , Francis D&rsquo;Haese , Andr\u00e9 BARBIEUX , Guillaume BARBIEUX<\/h6>\n<h6><span style=\"color: #0000ff\"><em><strong>Comit\u00e9 des f\u00eates<\/strong><\/em><\/span> : Ludovic GUYOT , Nora GOSSELIN , Charlotte GUINARD , Celine , Fabrice VANSEYMORTIER , Mathieu DELNESTE , S\u00e9verine DIDIER , Damien FIEVET<\/h6>\n","protected":false},"excerpt":{"rendered":"<p>&nbsp; Comit\u00e9 g\u00e9n\u00e9ral : Ludovic GUYOT , Nora GOSSELIN , Damien FIEVET , Baptiste GUYOT Comit\u00e9 sportif : Ludovic GUYOT , Francis D&rsquo;Haese , Andr\u00e9 BARBIEUX , Guillaume BARBIEUX Comit\u00e9 des f\u00eates : Ludovic GUYOT , Nora GOSSELIN , Charlotte GUINARD , Celine , Fabrice VANSEYMORTIER , Mathieu DELNESTE , S\u00e9verine DIDIER , Damien FIEVET<\/p>\n","protected":false},"author":105,"featured_media":0,"parent":0,"menu_order":0,"comment_status":"closed","ping_status":"closed","template":"page-templates\/page-committee.php","meta":{"footnotes":""},"class_list":["post-5","page","type-page","status-publish","hentry"],"_links":{"self":[{"href":"https:\/\/www.basketclubs.be\/bcjse\/wp-json\/wp\/v2\/pages\/5","targetHints":{"allow":["GET"]}}],"collection":[{"href":"https:\/\/www.basketclubs.be\/bcjse\/wp-json\/wp\/v2\/pages"}],"about":[{"href":"https:\/\/www.basketclubs.be\/bcjse\/wp-json\/wp\/v2\/types\/page"}],"author":[{"embeddable":true,"href":"https:\/\/www.basketclubs.be\/bcjse\/wp-json\/wp\/v2\/users\/105"}],"replies":[{"embeddable":true,"href":"https:\/\/www.basketclubs.be\/bcjse\/wp-json\/wp\/v2\/comments?post=5"}],"version-history":[{"count":33,"href":"https:\/\/www.basketclubs.be\/bcjse\/wp-json\/wp\/v2\/pages\/5\/revisions"}],"predecessor-version":[{"id":1685,"href":"https:\/\/www.basketclubs.be\/bcjse\/wp-json\/wp\/v2\/pages\/5\/revisions\/1685"}],"wp:attachment":[{"href":"https:\/\/www.basketclubs.be\/bcjse\/wp-json\/wp\/v2\/media?parent=5"}],"curies":[{"name":"wp","href":"https:\/\/api.w.org\/{rel}","templated":true}]}}