{"id":22,"date":"2017-08-08T20:11:06","date_gmt":"2017-08-08T18:11:06","guid":{"rendered":"https:\/\/www.basketclubs.be\/bcmarche\/?page_id=22"},"modified":"2024-06-21T14:20:41","modified_gmt":"2024-06-21T12:20:41","slug":"history","status":"publish","type":"page","link":"https:\/\/www.basketclubs.be\/bcmarche\/history\/","title":{"rendered":"Historique"},"content":{"rendered":"<p style=\"text-align: left\">Le premier club de basket, cr\u00e9\u00e9 par la maison des jeunes, jouait sur la place aux foires et a atteint le niveau de Promotion (4e nationale) avant de cesser ses activit\u00e9s en 1972.<\/p>\n<p>En 1977, le club a \u00e9t\u00e9 relanc\u00e9 et a repris ses matchs sur la place de l\u2019\u00e9tang, marquant une nouvelle \u00e9tape dans son histoire riche en hauts et en bas. Apr\u00e8s une p\u00e9riode difficile o\u00f9 seulement quatre \u00e9quipes subsistaient, dont une seule \u00e9quipe de jeunes, une \u00e9quipe de dirigeants passionn\u00e9s a pris l\u2019initiative de redynamiser le club.<\/p>\n<p>&nbsp;<\/p>\n","protected":false},"excerpt":{"rendered":"<p>Le premier club de basket, cr\u00e9\u00e9 par la maison des jeunes, jouait sur la place aux foires et a atteint le niveau de Promotion (4e nationale) avant de cesser ses activit\u00e9s en 1972. En 1977, le club a \u00e9t\u00e9 relanc\u00e9 et a repris ses matchs sur la place de l\u2019\u00e9tang, marquant une nouvelle \u00e9tape dans [&hellip;]<\/p>\n","protected":false},"author":158,"featured_media":0,"parent":0,"menu_order":0,"comment_status":"closed","ping_status":"closed","template":"page-templates\/page-history.php","meta":{"footnotes":""},"class_list":["post-22","page","type-page","status-publish","hentry"],"_links":{"self":[{"href":"https:\/\/www.basketclubs.be\/bcmarche\/wp-json\/wp\/v2\/pages\/22","targetHints":{"allow":["GET"]}}],"collection":[{"href":"https:\/\/www.basketclubs.be\/bcmarche\/wp-json\/wp\/v2\/pages"}],"about":[{"href":"https:\/\/www.basketclubs.be\/bcmarche\/wp-json\/wp\/v2\/types\/page"}],"author":[{"embeddable":true,"href":"https:\/\/www.basketclubs.be\/bcmarche\/wp-json\/wp\/v2\/users\/158"}],"replies":[{"embeddable":true,"href":"https:\/\/www.basketclubs.be\/bcmarche\/wp-json\/wp\/v2\/comments?post=22"}],"version-history":[{"count":4,"href":"https:\/\/www.basketclubs.be\/bcmarche\/wp-json\/wp\/v2\/pages\/22\/revisions"}],"predecessor-version":[{"id":711,"href":"https:\/\/www.basketclubs.be\/bcmarche\/wp-json\/wp\/v2\/pages\/22\/revisions\/711"}],"wp:attachment":[{"href":"https:\/\/www.basketclubs.be\/bcmarche\/wp-json\/wp\/v2\/media?parent=22"}],"curies":[{"name":"wp","href":"https:\/\/api.w.org\/{rel}","templated":true}]}}