{"id":3,"date":"2015-02-27T22:17:47","date_gmt":"2015-02-27T20:17:47","guid":{"rendered":"https:\/\/www.basketclubs.be\/belgianlions\/?page_id=3"},"modified":"2015-12-25T13:07:38","modified_gmt":"2015-12-25T11:07:38","slug":"history","status":"publish","type":"page","link":"https:\/\/www.basketclubs.be\/belgianlions\/history\/","title":{"rendered":"Historique fr"},"content":{"rendered":"<h3>Championnat d\u2019Europe<\/h3>\n<p>Disput\u00e9 pour la 1<sup>\u00e8re<\/sup> fois en 1935 (Lausanne \u2013 Suisse), interrompu durant la guerre 40-45, jou\u00e9 deux ann\u00e9es cons\u00e9cutives en 1946 et 1947, le Championnat d\u2019Europe de basket en sera \u00e0 sa <strong>40<sup>\u00e8me<\/sup>\u00e9dition<\/strong> en 2017 (lieu \u00e0 d\u00e9terminer)<\/p>\n<h3>Belgique<\/h3>\n<p>Pr\u00e9sente d\u00e9j\u00e0 en 1935, la Belgique a d\u00e9sormais particip\u00e9 \u00e0 <strong>16\u00a0phases finales<\/strong> se classant au mieux <strong>quatri\u00e8me<\/strong><strong>(en 1947, derri\u00e8re l\u2019URSS, la Tch\u00e9coslovaquie et l\u2019Egypte !!)<\/strong><\/p>\n<p>La Belgique a particip\u00e9 \u00e0 dix des quinze premiers championnats d&#8217;Europe (jusqu\u2019en 1967). La suite sera longtemps chaotique\u00a0\u00a0(pr\u00e9sences en 1977, en 1979 et en 1993 seulement) avant de r\u00e9aliser un\u00a0brillant\u00a03 sur 3 (2011, 2013, 2015)&#8230;<\/p>\n<p>Invit\u00e9e souvent, organisatrice en 1977, la Belgique s&#8217;est qualifi\u00e9e pour son 1er EuroBasket\u00a0en 1993 (Allemagne, 16 \u00e9quipes). Elle devra attendre dix-huit ans pour renouveler cette r\u00e9ussite et se qualifier coup sur coup pour la Lituanie (2011), la Slov\u00e9nie (2013) et la France (2015). A chaque fois, la comp\u00e9tition regroupera vingt quatre nations<\/p>\n<p>Rappelons qu&#8217;en 2010, une fois les qualifications termin\u00e9es, la FIBA Europe avait d\u00e9cid\u00e9\u00a0de rep\u00eacher\u00a0huit \u00e9quipes pour\u00a0l&#8217;EuroBasket 2011! Les Belgian Lions, cette ann\u00e9e-l\u00e0, s&#8217;\u00e9taient qualifi\u00e9s, pour un Euro \u00e0 16, en remportant leur groupe.<\/p>\n<p><span style=\"text-decoration: underline\"><em>QUALIFS 2010<\/em><\/span><\/p>\n<p><span lang=\"FR\">Oppos\u00e9e en aller-retour \u00e0 la Pologne (Marcin GORTAT), au Portugal, \u00e0 la G\u00e9orgie (Zaza PACHULIA) et \u00e0 la Bulgarie, la Belgique mise sur quatre succ\u00e8s \u00e0 Anvers et au moins une victoire en d\u00e9placement\u00a0; le principe alors en vigueur pour la qualification \u00e0 l\u2019EuroBasket 2011 fait \u00e9tat d\u2019un billet assur\u00e9 pour chaque vainqueur des 3 groupes ainsi que pour les deux meilleurs deuxi\u00e8mes.<\/span><\/p>\n<p><span lang=\"FR\">Les Belgian Lions ont h\u00e9rit\u00e9 d\u2019un tirage au sort \u00ab\u00a0abordable\u00a0\u00bb\u00a0; mais, \u00e0 l\u2019image de la G\u00e9orgie, pays montant de la division B et imm\u00e9diatement pr\u00e9tendant \u00e0 l\u2019EuroBasket, les nations solides, voire fortes sont de plus en plus nombreuses.<\/span><\/p>\n<ul>\n<li><span lang=\"FR\">05\/08\/2010 (Anvers) Belgique \u2013 G\u00e9orgie\u00a0: <strong>74<\/strong>-64<\/span><\/li>\n<li><span lang=\"FR\">08\/08\/2010 (Coimbra) Portugal \u2013 Belgique\u00a0: 69-<strong>78<\/strong><\/span><\/li>\n<li><span lang=\"FR\">11\/08\/2010 (Anvers) Belgique \u2013 Bulgarie\u00a0: <strong>74<\/strong>-69<\/span><\/li>\n<li><span lang=\"FR\">14\/08\/2009 (Lodz) Pologne \u2013 Belgique\u00a0: 93-<strong>73<\/strong><\/span><\/li>\n<li><span lang=\"FR\">20\/08\/2010 (Tbilissi) G\u00e9orgie \u2013 Belgique\u00a0: 63-<strong>86<\/strong><\/span><\/li>\n<li><span lang=\"FR\">23\/08\/2010 (Anvers) Belgique \u2013 Portugal\u00a0: <strong>68<\/strong>-63<\/span><\/li>\n<li><span lang=\"FR\">26\/08\/2010 (Sofia) Bulgarie \u2013 Belgique\u00a0: 92-<strong>81<\/strong><\/span><\/li>\n<li><span lang=\"FR\">29\/08\/2010 (Anvers) Belgique \u2013 Pologne\u00a0: <strong>70<\/strong>-67<\/span><\/li>\n<\/ul>\n<p><em><span lang=\"FR\">Les Belgian Lions remportent leur groupe C et se qualifient brillamment pour l\u2019EuroBasket lituanien. Moins d\u2019une semaine plus tard, FIBA Europe d\u00e9cide d\u2019accueillir 24 et non plus 16 \u00e9quipes \u00e0 ce rendez-vous\u00a0; en cons\u00e9quence, les quatre premiers de chaque groupe qualificatif seront du voyage\u00a0! Qu\u2019importe, les Belgian Lions n\u2019ont eu besoin d\u2019aucun \u00ab\u00a0coup de pouce\u00a0\u00bb pour assurer leur participation.<\/span><\/em><\/p>\n<p>&nbsp;<\/p>\n<h4>Euro 2009<\/h4>\n<p>La Belgique h\u00e9rite cette fois de la France (8<sup>\u00e8me<\/sup> en 2007 \u2013\u00a0<strong><em>et premi\u00e8re \u00ab non qualifi\u00e9e d\u2019office &#8211; <\/em><\/strong>, de la Turquie (12<sup>\u00e8me <\/sup>en 2007) et de l\u2019Ukraine dans la course \u00e0 la qualification de l\u2019Euro 2009 en Pologne !<\/p>\n<p>Le 1<sup>er<\/sup> de la poule sera qualifi\u00e9. Trois \u2013 les meilleurs, bien s\u00fbr &#8211; des quatre deuxi\u00e8mes \u00e9galement !<\/p>\n<ul>\n<li>03\/09\/2008 (Nancy) France \u2013 Belgique : 82-<strong>63<\/strong><\/li>\n<li>06\/09\/2008 (Charleroi) Belgique \u2013 Turquie :\u00a0<strong>63<\/strong>-78<\/li>\n<li>10\/09\/2008 (Charleroi) Belgique \u2013 Ukraine :\u00a0<strong>72<\/strong>-61<\/li>\n<li>13\/09\/2008 (Charleroi) Belgique \u2013 France :\u00a0<strong>65<\/strong>-71<\/li>\n<li>17\/09\/2008 (Istanbul) Turquie \u2013 Belgique : 80-<strong>64<\/strong><\/li>\n<li>20\/09\/2008 (Yuzhny) Ukraine \u2013 Belgique : 58-<strong>76<\/strong><\/li>\n<\/ul>\n<p>&nbsp;<\/p>\n<p>&nbsp;<\/p>\n<p>La Belgique tentera \u00e0 l\u2019\u00e9t\u00e9 2009 de d\u00e9crocher le dernier billet pour l\u2019Euro polonais. Les six pr\u00e9tendants sont r\u00e9partis en deux groupes. D\u2019une part, la France, l\u2019Italie et la Finlande. De l\u2019autre, le Portugal, la Bosnie Herz\u00e9govine et la Belgique. Les vainqueurs des deux groupes jouant l\u2019un contre l\u2019autre en matches aller retour.<\/p>\n<ul>\n<li>08\/08\/2009 (Zenica) Bosnie Herz\u00e9govine \u2013 Belgique : 82-<strong>77<\/strong><\/li>\n<li>11\/08\/2009 (Anvers) Belgique \u2013 Portugal :\u00a0<strong>64<\/strong>-58<\/li>\n<li>17\/08\/2009 (Anvers) Belgique \u2013 Bosnie Herz\u00e9govine :\u00a0<strong>102<\/strong>-79<\/li>\n<li>20\/08\/2009 (Coimbra) Portugal \u2013 Belgique : 58-<strong>60<\/strong><\/li>\n<\/ul>\n<ul>\n<li>27\/08\/2009 (Anvers) Belgique \u2013 France :\u00a0<strong>70<\/strong>-66<\/li>\n<li>30\/08\/2009 (Pau) France \u2013 Belgique : 92-<strong>54<\/strong><\/li>\n<\/ul>\n<p>La France, derni\u00e8re qualifi\u00e9e de cet Euro polonais ne perdra qu\u2019une seule rencontre sur tout le championnat (en \u00bc finale, contre l\u2019Espagne futur laur\u00e9at) et terminera 5<sup>\u00e8me<\/sup> sur 16 \u00e9quipes<\/p>\n<h4>Euro 2007<\/h4>\n<p>La Belgique se retrouve dans un groupe de quatre \u00e9quipes en compagnie de la Russie, la Tch\u00e9quie et la Hongrie. Seul le vainqueur du groupe est assur\u00e9 de la qualification ! (Les deux meilleurs deuxi\u00e8mes \u2013 sur quatre \u2013 sont \u00e9galement qualifi\u00e9s)<\/p>\n<ul>\n<li>31\/08\/2006 (Opava) R\u00e9publique Tch\u00e8que \u2013 Belgique : 85-<strong>67<\/strong><\/li>\n<li>03\/09\/2006 (Louvain) Belgique \u2013 Russie :\u00a0<strong>91<\/strong>-80<\/li>\n<li>06\/09\/2006 (Louvain) Belgique \u2013 Hongrie :\u00a0<strong>59<\/strong>-73<\/li>\n<li>09\/09\/2006 (Louvain) Belgique \u2013 R\u00e9publique Tch\u00e8que :\u00a0<strong>61<\/strong>-74<\/li>\n<li>13\/09\/2006 (Perm) Russie \u2013 Belgique :\u00a0<strong><em>96<\/em><\/strong>-63<\/li>\n<li>16\/09\/2006 (Szekesfehervar) Hongrie \u2013 Belgique : 75-<strong>59<\/strong><\/li>\n<\/ul>\n<ol>\n<li>Russie 6.5.1. 11pts<\/li>\n<li>R\u00e9p. Tch\u00e8que 6.4.2. 10pts<\/li>\n<li>Hongrie 6.2.4. 8pts<\/li>\n<li>Belgique 6.1.5. 7pts<\/li>\n<\/ol>\n<p>La Russie et la R\u00e9publique Tch\u00e8que se sont qualifi\u00e9es pour l\u2019Euro 2007 en Espagne<\/p>\n<p>Dix \u00e9quipes r\u00e9parties en trois groupes se disputent un dernier ticket pour l\u2019Espagne. Il faut imp\u00e9rativement remporter son groupe puis sortir vainqueur d\u2019une derni\u00e8re poule de trois !<\/p>\n<ul>\n<li>08\/08\/2007(Kiev) Ukraine \u2013 Belgique : 49-<strong>70<\/strong><\/li>\n<li>11\/08\/2007 (Charleroi) Belgique \u2013 Danemark :\u00a0<strong>80<\/strong>-66<\/li>\n<li>15\/08\/2007 (Tel-Aviv) Isra\u00ebl \u2013 Belgique : 85-<strong>66<\/strong><\/li>\n<li>18\/08\/2007 (Charleroi) Belgique \u2013 Ukraine :\u00a0<strong>72<\/strong>-69<\/li>\n<li>22\/08\/2007 (Aarhus) Danemark \u2013 Belgique : 61-<strong>71<\/strong><\/li>\n<li>25\/08\/2007 (Charleroi) Belgique \u2013 Isra\u00ebl :\u00a0<strong>83<\/strong>-74<\/li>\n<\/ul>\n<ol>\n<li>\u00a0Isra\u00ebl 6.5.1. 11pts (+ 10 contre la Belgique)<\/li>\n<li>Belgique 6.5.1. 11pts (- 10 contre Isra\u00ebl)<\/li>\n<li>Ukraine 6.1.5. 7pts<\/li>\n<li>Danemark 6.1.5. 7pts<\/li>\n<\/ol>\n<p>Victorieuse, l\u2019\u00e9quipe isra\u00e9lienne va ensuite \u00e9liminer la Mac\u00e9doine et la Bosnie Herz\u00e9govine puis terminer 11<sup>\u00e8me<\/sup> sur 16. A noter que la Tch\u00e9quie terminera 15<sup>\u00e8me<\/sup> alors que la Russie, victorieuse 59-60 de l\u2019Espagne, remportera, \u00e0 la surprise de beaucoup, la comp\u00e9tition<\/p>\n<h4>Euro 2005<\/h4>\n<p>&nbsp;<\/p>\n<p>Changement de formule et surtout de calendrier. D\u00e9sormais, les \u00e9quipes nationales s\u2019affronteront en ao\u00fbt\/ septembre l\u2019ann\u00e9e qui pr\u00e9c\u00e8de la comp\u00e9tition<\/p>\n<ul>\n<li>08\/09\/2004 (Paks) Hongrie \u2013 Belgique : 96-<strong>70<\/strong><\/li>\n<li>11\/09\/2004 (Charleroi) Belgique \u2013 Ukraine :\u00a0<strong>81<\/strong>-85<\/li>\n<li>15\/09\/2004 (Dortmund) Allemagne \u2013 Belgique : 81-<strong>61<\/strong><\/li>\n<li>18\/09\/2004 (Charleroi) Belgique \u2013 Hongrie :\u00a0<strong><em>101<\/em><\/strong>-97 (a. 3p)<\/li>\n<li>22\/09\/2004 (Yuzhny) Ukraine \u2013 Belgique :\u00a0<strong>89<\/strong>-78<\/li>\n<li>25\/09\/2004 (Charleroi) Belgique \u2013 Allemagne :\u00a0<strong>72<\/strong>-84<\/li>\n<\/ul>\n<ol>\n<li>Allemagne 6.6.0. 12pts<\/li>\n<li>Ukraine 6.3.3. 9pts<\/li>\n<li>Hongrie 6.2.4. 8pts<\/li>\n<li>Belgique 6.1.5. 7pts<\/li>\n<\/ol>\n<ul>\n<li>20\/08\/2005 (Louvain) Belgique \u2013 Isra\u00ebl : 75-<strong><em>79<\/em><\/strong><\/li>\n<li>26\/08\/2005 (Groningen) Pays Bas \u2013 Belgique : 51-<strong><em>62<\/em><\/strong><\/li>\n<li>29\/08\/2005 (Nahariya) Isra\u00ebl \u2013 Belgique :\u00a0<strong><em>69<\/em><\/strong>-67<\/li>\n<li>04\/09\/2005 (Louvain) Belgique \u2013 Pays Bas :\u00a0<strong><em>76<\/em><\/strong>-63<\/li>\n<\/ul>\n<ol>\n<li>Isra\u00ebl 4.4.0. 8pts<\/li>\n<li>Belgique 4.2.2. 6pts<\/li>\n<li>Pays Bas 4.0.4. 4pts<\/li>\n<\/ol>\n<h3>2001<\/h3>\n<p>Quand Jacques Ledure devient manager de l\u2019\u00e9quipe nationale, officiellement au 1<sup>er<\/sup> juillet 2002, il est d\u00e9j\u00e0 le huiti\u00e8me successeur du manager Wandel<\/p>\n<p>Euro 2003<\/p>\n<p>Tony Van den Bosch dirige le groupe en novembre 2001 et janvier 2002 (Un succ\u00e8s au Danemark (60-73) pour quatre d\u00e9faites<\/p>\n<p>(2<sup>\u00e8me<\/sup> tour)<\/p>\n<ul>\n<li>20\/11\/2002 (Li\u00e8ge) Belgique \u2013 Gr\u00e8ce : 59-92<\/li>\n<li>24\/11\/2002 (Tel Aviv) Isra\u00ebl \u2013 Belgique : 66-67<\/li>\n<li>27\/11\/2002 (Li\u00e8ge) Belgique \u2013 Roumanie : 69-73<\/li>\n<li>22\/01\/2003 (Murcie) Espagne \u2013 Belgique : 85-66<\/li>\n<li>25\/01\/2003 (Li\u00e8ge) Belgique \u2013 Danemark : 79-60<\/li>\n<\/ul>\n<ol>\n<li>Gr\u00e8ce 10.9.1. 19pts (+10)<\/li>\n<li>Espagne 10.9.1. 19pts (-10)<\/li>\n<li>Isra\u00ebl 10.5.5. 15pts<\/li>\n<li>Roumanie 10.4.6. 14pts<\/li>\n<li>Belgique 10.3.7. 13pts<\/li>\n<li>Danemark 10.0.10.10pts<\/li>\n<\/ol>\n<p>&nbsp;<\/p>\n<p><em>l\u2019EuroBasket 1991<\/em><\/p>\n<p>La qualification se joue en deux temps : automne 89 puis automne 90 ; la Belgique doit terminer \u00e0 une des deux premi\u00e8res places<\/p>\n<ul>\n<li>22\/11\/89 (Charleroi) Belgique \u2013 Italie : 79-97<\/li>\n<li>25\/11\/89 (Amsterdam) Hollande \u2013 Belgique : 87-71<\/li>\n<li>29\/11 :89 (Charleroi) Belgique \u2013 Pologne : 96-80<\/li>\n<li>28\/11\/90 (Marsala) Italie \u2013 Belgique : 94-55<\/li>\n<li>01\/12\/90 (Braine) Belgique \u2013 Hollande : 85-81<\/li>\n<li>05\/12\/90 (Wroclaw) Pologne \u2013 Belgique : 85-72<\/li>\n<\/ul>\n<p>L\u2019Italie et la Pologne se qualifieront pour le tour final \u00e0 huit \u00e9quipes (Rome) ; les italiens seront finalistes (73-88 contre la Yougoslavie), la Pologne terminera 7<sup>\u00e8me<\/sup>.<\/p>\n<p><em>\u00a0l\u2019EuroBasket 1993<\/em><\/p>\n<p>A nouveau jou\u00e9e en deux temps, la qualification propose \u00e0 la Belgique de se mesurer \u00e0 la Turquie, la Tch\u00e9coslovaquie et aux Pays Bas.<\/p>\n<ul>\n<li>13\/11\/91 (Den Helder) Hollande \u2013 Belgique : 65-59<\/li>\n<li>16\/11\/91 (Ostende) Belgique \u2013 Turquie : 82-74<\/li>\n<li>20\/11\/91 (Ostende) Belgique \u2013 Tch\u00e9coslovaquie : 77-75<\/li>\n<li>11\/11\/92 (Quaregnon) Belgique \u2013 Hollande : 70-54<\/li>\n<li>14\/11\/92 (Istanbul) Turquie \u2013 Belgique : 66-54<\/li>\n<li>18\/11\/92 (Ostrava) Tch\u00e9coslovaquie \u2013 Belgique : 73-75<\/li>\n<\/ul>\n<p><em>Berlin \u2013 Juin 1993<\/em><\/p>\n<p><em>1<sup>er<\/sup> Tour<\/em><\/p>\n<ul>\n<li>22\/06\/1993 (Berlin) Slov\u00e9nie \u2013 Belgique : 61-82<\/li>\n<li>23\/06\/1993 (Berlin) Belgique \u2013 Allemagne : 64-93<\/li>\n<li>24\/06\/1993 (Berlin) Estonie \u2013 Belgique : 79-78<\/li>\n<\/ul>\n<p>Classement :<\/p>\n<ol>\n<li>Estonie 5pts<\/li>\n<li>Allemagne 5pts<\/li>\n<li>Belgique 4pts<\/li>\n<li>Slov\u00e9nie 4pts<\/li>\n<\/ol>\n<p><em>2<sup>\u00e8me<\/sup> Tour<\/em><\/p>\n<ul>\n<li>26\/06\/1993 (Berlin) Croatie \u2013 Belgique : 106-74<\/li>\n<li>27\/06\/1993 (Berlin) Turquie \u2013 Belgique : 69-59<\/li>\n<li>28\/06\/1993 (Berlin) France \u2013 Belgique : 83-65<\/li>\n<\/ul>\n<p>Classement :<\/p>\n<ol>\n<li>Croatie 10 pts<\/li>\n<li>France 9 pts<\/li>\n<li>Estonie 8 pts<\/li>\n<li>Allemagne 7 pts<\/li>\n<li>Turquie 6 pts<\/li>\n<li>Belgique 5 pts<\/li>\n<\/ol>\n<p>La Belgique termine douzi\u00e8me !<\/p>\n<p>&nbsp;<\/p>\n","protected":false},"excerpt":{"rendered":"<p>Championnat d\u2019Europe Disput\u00e9 pour la 1\u00e8re fois en 1935 (Lausanne \u2013 Suisse), interrompu durant la guerre 40-45, jou\u00e9 deux ann\u00e9es cons\u00e9cutives en 1946 et 1947, le Championnat d\u2019Europe de basket en sera \u00e0 sa 40\u00e8me\u00e9dition en 2017 (lieu \u00e0 d\u00e9terminer) Belgique Pr\u00e9sente d\u00e9j\u00e0 en 1935, la Belgique a d\u00e9sormais particip\u00e9 \u00e0 16\u00a0phases finales se classant [&hellip;]<\/p>\n","protected":false},"author":1,"featured_media":0,"parent":0,"menu_order":0,"comment_status":"closed","ping_status":"closed","template":"page-templates\/page-history.php","meta":{"footnotes":""},"class_list":["post-3","page","type-page","status-publish","hentry"],"_links":{"self":[{"href":"https:\/\/www.basketclubs.be\/belgianlions\/wp-json\/wp\/v2\/pages\/3","targetHints":{"allow":["GET"]}}],"collection":[{"href":"https:\/\/www.basketclubs.be\/belgianlions\/wp-json\/wp\/v2\/pages"}],"about":[{"href":"https:\/\/www.basketclubs.be\/belgianlions\/wp-json\/wp\/v2\/types\/page"}],"author":[{"embeddable":true,"href":"https:\/\/www.basketclubs.be\/belgianlions\/wp-json\/wp\/v2\/users\/1"}],"replies":[{"embeddable":true,"href":"https:\/\/www.basketclubs.be\/belgianlions\/wp-json\/wp\/v2\/comments?post=3"}],"version-history":[{"count":14,"href":"https:\/\/www.basketclubs.be\/belgianlions\/wp-json\/wp\/v2\/pages\/3\/revisions"}],"predecessor-version":[{"id":7134,"href":"https:\/\/www.basketclubs.be\/belgianlions\/wp-json\/wp\/v2\/pages\/3\/revisions\/7134"}],"wp:attachment":[{"href":"https:\/\/www.basketclubs.be\/belgianlions\/wp-json\/wp\/v2\/media?parent=3"}],"curies":[{"name":"wp","href":"https:\/\/api.w.org\/{rel}","templated":true}]}}