{"id":5,"date":"2014-08-06T13:46:47","date_gmt":"2014-08-06T11:46:47","guid":{"rendered":"https:\/\/www.basketclubs.be\/chicagobulls\/?page_id=5"},"modified":"2014-08-12T00:50:44","modified_gmt":"2014-08-11T22:50:44","slug":"history","status":"publish","type":"page","link":"https:\/\/www.basketclubs.be\/chicagobulls\/history\/","title":{"rendered":"Historique"},"content":{"rendered":"<p>Les\u00a0<b>Bulls de Chicago<\/b>\u00a0(en anglais\u00a0:\u00a0Chicago Bulls, \u00ab\u00a0les taureaux de Chicago\u00a0\u00bb) sont une\u00a0<a title=\"Franchise (sport)\" href=\"http:\/\/fr.wikipedia.org\/wiki\/Franchise_(sport)\">franchise<\/a>\u00a0professionnelle de\u00a0<a title=\"Basket-ball\" href=\"http:\/\/fr.wikipedia.org\/wiki\/Basket-ball\">basket-ball<\/a>bas\u00e9e \u00e0\u00a0<a title=\"Chicago\" href=\"http:\/\/fr.wikipedia.org\/wiki\/Chicago\">Chicago<\/a>\u00a0dans l&rsquo;<a title=\"Illinois\" href=\"http:\/\/fr.wikipedia.org\/wiki\/Illinois\">Illinois<\/a>\u00a0aux\u00a0<a title=\"\u00c9tats-Unis\" href=\"http:\/\/fr.wikipedia.org\/wiki\/%C3%89tats-Unis\">\u00c9tats-Unis<\/a>. Fond\u00e9s en\u00a0<a title=\"1966\" href=\"http:\/\/fr.wikipedia.org\/wiki\/1966\">1966<\/a>, ils sont membres de la\u00a0<a title=\"National Basketball Association\" href=\"http:\/\/fr.wikipedia.org\/wiki\/National_Basketball_Association\">National Basketball Association<\/a>\u00a0et jouent dans la Conf\u00e9rence Est (division Centrale), en compagnie des\u00a0<a title=\"Cavaliers de Cleveland\" href=\"http:\/\/fr.wikipedia.org\/wiki\/Cavaliers_de_Cleveland\">Cavaliers de Cleveland<\/a>, des\u00a0<a title=\"Pistons de D\u00e9troit\" href=\"http:\/\/fr.wikipedia.org\/wiki\/Pistons_de_D%C3%A9troit\">Pistons de D\u00e9troit<\/a>, des\u00a0<a title=\"Pacers de l'Indiana\" href=\"http:\/\/fr.wikipedia.org\/wiki\/Pacers_de_l%27Indiana\">Pacers de l&rsquo;Indiana<\/a>\u00a0et des<a title=\"Bucks de Milwaukee\" href=\"http:\/\/fr.wikipedia.org\/wiki\/Bucks_de_Milwaukee\">Bucks de Milwaukee<\/a>. L&rsquo;\u00e9quipe a comme domicile l&rsquo;immense\u00a0<a title=\"United Center\" href=\"http:\/\/fr.wikipedia.org\/wiki\/United_Center\">United Center<\/a>\u00a0de 22\u00a0879 places, situ\u00e9e dans le quartier de\u00a0<a title=\"Near West Side (Chicago)\" href=\"http:\/\/fr.wikipedia.org\/wiki\/Near_West_Side_(Chicago)\">Near West Side<\/a>.<\/p>\n<p>Dans les\u00a0<a title=\"Ann\u00e9es 1990\" href=\"http:\/\/fr.wikipedia.org\/wiki\/Ann%C3%A9es_1990\">ann\u00e9es 1990<\/a>, emmen\u00e9s par le mythique\u00a0<a title=\"Michael Jordan\" href=\"http:\/\/fr.wikipedia.org\/wiki\/Michael_Jordan\">Michael Jordan<\/a>, les Bulls ont acquis un des plus beaux palmar\u00e8s de la Ligue et une reconnaissance internationale. Avec six titres NBA \u00e0 son actif, elle est la troisi\u00e8me franchise la plus titr\u00e9e de la ligue derri\u00e8re les\u00a0<a title=\"Celtics de Boston\" href=\"http:\/\/fr.wikipedia.org\/wiki\/Celtics_de_Boston\">Celtics de Boston<\/a>\u00a0et les\u00a0<a title=\"Lakers de Los Angeles\" href=\"http:\/\/fr.wikipedia.org\/wiki\/Lakers_de_Los_Angeles\">Lakers de Los Angeles<\/a>.<\/p>\n<h3 style=\"color: black\"><span id=\"Les_d.C3.A9buts\" class=\"mw-headline\">Les d\u00e9buts<\/span><\/h3>\n<p>Les Chicago Bulls ne sont que la seconde franchise\u00a0<a title=\"National Basketball Association\" href=\"http:\/\/fr.wikipedia.org\/wiki\/National_Basketball_Association\">NBA<\/a>\u00a0implant\u00e9e \u00e0\u00a0<a title=\"Chicago\" href=\"http:\/\/fr.wikipedia.org\/wiki\/Chicago\">Chicago<\/a>, apr\u00e8s les\u00a0Packers \/ Zephyrs\u00a0(devenus par la suite les\u00a0<a title=\"Wizards de Washington\" href=\"http:\/\/fr.wikipedia.org\/wiki\/Wizards_de_Washington\">Wizards de Washington<\/a>). La franchise joue sa premi\u00e8re saison en 1966-67, et bat le record de matchs gagn\u00e9s par une\u00a0expansion team\u00a0en NBA, en se qualifiant pour les play-offs. Les ann\u00e9es suivantes, les Bulls assemblent pi\u00e8ce par pi\u00e8ce une \u00e9quipe comp\u00e9titive, mais sans jamais atteindre les sommets. Durant les\u00a0<a title=\"Ann\u00e9es 1970\" href=\"http:\/\/fr.wikipedia.org\/wiki\/Ann%C3%A9es_1970\">ann\u00e9es 1970<\/a>, les Bulls sont r\u00e9put\u00e9s pour \u00eatre une \u00e9quipe robuste au style d\u00e9fensif, construite autour des ailiers\u00a0<a title=\"Jerry Sloan\" href=\"http:\/\/fr.wikipedia.org\/wiki\/Jerry_Sloan\">Jerry Sloan<\/a>,\u00a0<a title=\"Bob Love\" href=\"http:\/\/fr.wikipedia.org\/wiki\/Bob_Love\">Bob Love<\/a>\u00a0et Chet Walker, du meneur Norm Van Lier, et du pivot Tom Boerwinkle. N\u00e9anmoins, la franchise ne remporte qu&rsquo;un titre de Division, et n&rsquo;atteint pas les finales. \u00c0 la fin des\u00a0<a title=\"Ann\u00e9es 1970\" href=\"http:\/\/fr.wikipedia.org\/wiki\/Ann%C3%A9es_1970\">ann\u00e9es 1970<\/a>, les Bulls profitent de l&rsquo;effondrement d&rsquo;une ligue concurrente, l&rsquo;<a title=\"American Basketball Association\" href=\"http:\/\/fr.wikipedia.org\/wiki\/American_Basketball_Association\">ABA<\/a>, pour se renforcer en s\u00e9lectionnant\u00a0<a title=\"Artis Gilmore\" href=\"http:\/\/fr.wikipedia.org\/wiki\/Artis_Gilmore\">Artis Gilmore<\/a>. Il m\u00e8ne une \u00e9quipe compos\u00e9e de hauts choix de\u00a0<a title=\"Draft NBA\" href=\"http:\/\/fr.wikipedia.org\/wiki\/Draft_NBA\">draft<\/a>\u00a0:\u00a0<a title=\"Reggie Theus\" href=\"http:\/\/fr.wikipedia.org\/wiki\/Reggie_Theus\">Reggie Theus<\/a>, David Greenwood et\u00a0<a title=\"Orlando Woolridge\" href=\"http:\/\/fr.wikipedia.org\/wiki\/Orlando_Woolridge\">Orlando Woolridge<\/a>. Apr\u00e8s le transfert de Gilmore aux\u00a0<a title=\"Spurs de San Antonio\" href=\"http:\/\/fr.wikipedia.org\/wiki\/Spurs_de_San_Antonio\">Spurs de San Antonio<\/a>\u00a0pour le pivot Dave Corzine, les Bulls se tournent vers une attaque \u00e0 haut r\u00e9gime ax\u00e9e autour de Theus, qui inclut rapidement les arri\u00e8res Quentin Daly et Ennis Whatley. Les performances lamentables obtenues poussent les Bulls \u00e0 transf\u00e9rer Theus pour la saison 19<\/p>\n<h3 style=\"color: black\"><span id=\"L.27arriv.C3.A9e_de_Michael_Jordan\" class=\"mw-headline\">L&rsquo;arriv\u00e9e de Michael Jordan<\/span><\/h3>\n<div class=\"thumb tright\" style=\"color: #252525\">\n<div class=\"thumbinner\"><a class=\"image\" style=\"color: #0b0080\" href=\"http:\/\/commons.wikimedia.org\/wiki\/File:Jordan_by_Lipofsky_16577.jpg\" data-rel=\"lightbox-image-0\" data-rl_title=\"\" data-rl_caption=\"\" title=\"\"><img loading=\"lazy\" decoding=\"async\" class=\"thumbimage alignleft\" src=\"http:\/\/upload.wikimedia.org\/wikipedia\/commons\/thumb\/c\/c3\/Jordan_by_Lipofsky_16577.jpg\/180px-Jordan_by_Lipofsky_16577.jpg\" alt=\"\" width=\"180\" height=\"241\" \/><\/a><\/p>\n<div>\n<div>Michael Jordan effectuant un<a title=\"Slam dunk\" href=\"http:\/\/fr.wikipedia.org\/wiki\/Slam_dunk\">dunk<\/a><\/div>\n<\/div>\n<\/div>\n<\/div>\n<p>Durant l&rsquo;intersaison\u00a0<a title=\"1984 en sport\" href=\"http:\/\/fr.wikipedia.org\/wiki\/1984_en_sport\">1984<\/a>\u00a0les Bulls h\u00e9ritent du troisi\u00e8me choix de la\u00a0<a title=\"Draft NBA\" href=\"http:\/\/fr.wikipedia.org\/wiki\/Draft_NBA\">draft<\/a>, apr\u00e8s\u00a0<a title=\"Houston Rockets\" href=\"http:\/\/fr.wikipedia.org\/wiki\/Houston_Rockets\">Houston<\/a>\u00a0et\u00a0<a title=\"Portland Blazers\" href=\"http:\/\/fr.wikipedia.org\/wiki\/Portland_Blazers\">Portland<\/a>. Avec le premier choix, les Rockets s\u00e9lectionnent naturellement\u00a0<a title=\"Hakeem Olajuwon\" href=\"http:\/\/fr.wikipedia.org\/wiki\/Hakeem_Olajuwon\">Akeem Olajuwon<\/a>\u00a0(qui n&rsquo;a pas encore de \u00ab\u00a0H\u00a0\u00bb dans son pr\u00e9nom), le pivot issu de l&rsquo;universit\u00e9 de\u00a0<a title=\"Houston\" href=\"http:\/\/fr.wikipedia.org\/wiki\/Houston\">Houston<\/a>.<\/p>\n<p>Les Blazers disposent du second choix. Ils n&rsquo;h\u00e9sitent pas longtemps avant de choisir\u00a0<a title=\"Sam Bowie\" href=\"http:\/\/fr.wikipedia.org\/wiki\/Sam_Bowie\">Sam Bowie<\/a>\u00a0: le poste d&rsquo;arri\u00e8re est d\u00e9j\u00e0 pourvu par\u00a0<a title=\"Clyde Drexler\" href=\"http:\/\/fr.wikipedia.org\/wiki\/Clyde_Drexler\">Clyde Drexler<\/a>, et les Blazers veulent faire perdurer la tradition du pivot talentueux entam\u00e9e avec\u00a0<a title=\"Bill Walton\" href=\"http:\/\/fr.wikipedia.org\/wiki\/Bill_Walton\">Bill Walton<\/a>. Sam Bowie aura malheureusement une courte carri\u00e8re perturb\u00e9e par les blessures.<br \/>\nAvec le troisi\u00e8me choix, les Bulls s\u00e9lectionnent un arri\u00e8re tr\u00e8s athl\u00e9tique qui vient de remporter le titre universitaire avec North Carolina\u00a0:\u00a0<a title=\"Michael Jordan\" href=\"http:\/\/fr.wikipedia.org\/wiki\/Michael_Jordan\">Michael Jordan<\/a>.<br \/>\nIl faut savoir qu&rsquo;\u00e0 l&rsquo;\u00e9poque, les Bulls, ne r\u00e9alisant pas le potentiel que repr\u00e9sentait Jordan, ont essay\u00e9 d&rsquo;\u00e9changer leur choix de draft quelques jours avant contre un pivot. Mais les discussions entam\u00e9es avec\u00a0<a title=\"Seattle SuperSonics\" href=\"http:\/\/fr.wikipedia.org\/wiki\/Seattle_SuperSonics\">Seattle<\/a>\u00a0et les\u00a0<a title=\"Los Angeles Clippers\" href=\"http:\/\/fr.wikipedia.org\/wiki\/Los_Angeles_Clippers\">Los Angeles Clippers<\/a>\u00a0n&rsquo;aboutirent pas. Dans les mentalit\u00e9s de l&rsquo;\u00e9poque, une \u00e9quipe championne se construisait autour d&rsquo;un pivot, car jamais un arri\u00e8re dans l&rsquo;histoire de la ligue n&rsquo;a domin\u00e9 le championnat autant qu&rsquo;un pivot (<a title=\"Bill Russell\" href=\"http:\/\/fr.wikipedia.org\/wiki\/Bill_Russell\">Bill Russell<\/a>,\u00a0<a title=\"George Mikan\" href=\"http:\/\/fr.wikipedia.org\/wiki\/George_Mikan\">George Mikan<\/a>\u00a0ou\u00a0<a title=\"Wilt Chamberlain\" href=\"http:\/\/fr.wikipedia.org\/wiki\/Wilt_Chamberlain\">Wilt Chamberlain<\/a>).<\/p>\n<p>Les Bulls, avec le nouveau propri\u00e9taire Jerry Reinsdorf et le nouveau\u00a0<span lang=\"en\" xml:lang=\"en\">General Manager<\/span>\u00a0<a title=\"Jerry Krause\" href=\"http:\/\/fr.wikipedia.org\/wiki\/Jerry_Krause\">Jerry Krause<\/a>, d\u00e9cident de construire la franchise autour de Jordan. Jordan \u00e9tablit deux records du club d\u00e8s sa premi\u00e8re ann\u00e9e en menant l&rsquo;\u00e9quipe aux points (troisi\u00e8me dans la ligue) et aux interceptions (quatri\u00e8me dans la ligue). Il ram\u00e8ne l&rsquo;\u00e9quipe en play-offs, gagne le titre de\u00a0<a title=\"NBA Rookie of the Year\" href=\"http:\/\/fr.wikipedia.org\/wiki\/NBA_Rookie_of_the_Year\">rookie de l&rsquo;ann\u00e9e<\/a>\u00a0(d\u00e9butant ou recrue de l&rsquo;ann\u00e9e) et se voit nomm\u00e9 dans la<a title=\"All-NBA Team\" href=\"http:\/\/fr.wikipedia.org\/wiki\/All-NBA_Team\"><span lang=\"en\" xml:lang=\"en\">All NBA Second Team<\/span><\/a>\u00a0(second cinq NBA).<\/p>\n<p>[source: <a href=\"http:\/\/fr.wikipedia.org\/wiki\/Chicago_Bulls\">http:\/\/fr.wikipedia.org\/wiki\/Chicago_Bulls<\/a>]<\/p>\n<p><a href=\"https:\/\/www.basketclubs.be\/chicagobulls\/wp-content\/uploads\/sites\/6\/2014\/08\/1390486-1992-93-team-photo.jpg\" data-rel=\"lightbox-image-1\" data-rl_title=\"\" data-rl_caption=\"\" title=\"\"><img loading=\"lazy\" decoding=\"async\" class=\"alignnone size-full wp-image-60\" src=\"https:\/\/www.basketclubs.be\/chicagobulls\/wp-content\/uploads\/sites\/6\/2014\/08\/1390486-1992-93-team-photo.jpg\" alt=\"1390486-1992-93-team-photo\" width=\"640\" height=\"512\" srcset=\"https:\/\/www.basketclubs.be\/chicagobulls\/wp-content\/uploads\/sites\/6\/2014\/08\/1390486-1992-93-team-photo.jpg 640w, https:\/\/www.basketclubs.be\/chicagobulls\/wp-content\/uploads\/sites\/6\/2014\/08\/1390486-1992-93-team-photo-300x240.jpg 300w\" sizes=\"auto, (max-width: 640px) 100vw, 640px\" \/><\/a><\/p>\n","protected":false},"excerpt":{"rendered":"<p>Les\u00a0Bulls de Chicago\u00a0(en anglais\u00a0:\u00a0Chicago Bulls, \u00ab\u00a0les taureaux de Chicago\u00a0\u00bb) sont une\u00a0franchise\u00a0professionnelle de\u00a0basket-ballbas\u00e9e \u00e0\u00a0Chicago\u00a0dans l&rsquo;Illinois\u00a0aux\u00a0\u00c9tats-Unis. Fond\u00e9s en\u00a01966, ils sont membres de la\u00a0National Basketball Association\u00a0et jouent dans la Conf\u00e9rence Est (division Centrale), en compagnie des\u00a0Cavaliers de Cleveland, des\u00a0Pistons de D\u00e9troit, des\u00a0Pacers de l&rsquo;Indiana\u00a0et desBucks de Milwaukee. L&rsquo;\u00e9quipe a comme domicile l&rsquo;immense\u00a0United Center\u00a0de 22\u00a0879 places, situ\u00e9e dans le [&hellip;]<\/p>\n","protected":false},"author":4,"featured_media":0,"parent":0,"menu_order":0,"comment_status":"closed","ping_status":"closed","template":"page-templates\/page-history.php","meta":{"footnotes":""},"class_list":["post-5","page","type-page","status-publish","hentry"],"_links":{"self":[{"href":"https:\/\/www.basketclubs.be\/chicagobulls\/wp-json\/wp\/v2\/pages\/5","targetHints":{"allow":["GET"]}}],"collection":[{"href":"https:\/\/www.basketclubs.be\/chicagobulls\/wp-json\/wp\/v2\/pages"}],"about":[{"href":"https:\/\/www.basketclubs.be\/chicagobulls\/wp-json\/wp\/v2\/types\/page"}],"author":[{"embeddable":true,"href":"https:\/\/www.basketclubs.be\/chicagobulls\/wp-json\/wp\/v2\/users\/4"}],"replies":[{"embeddable":true,"href":"https:\/\/www.basketclubs.be\/chicagobulls\/wp-json\/wp\/v2\/comments?post=5"}],"version-history":[{"count":7,"href":"https:\/\/www.basketclubs.be\/chicagobulls\/wp-json\/wp\/v2\/pages\/5\/revisions"}],"predecessor-version":[{"id":196,"href":"https:\/\/www.basketclubs.be\/chicagobulls\/wp-json\/wp\/v2\/pages\/5\/revisions\/196"}],"wp:attachment":[{"href":"https:\/\/www.basketclubs.be\/chicagobulls\/wp-json\/wp\/v2\/media?parent=5"}],"curies":[{"name":"wp","href":"https:\/\/api.w.org\/{rel}","templated":true}]}}