{"id":25,"date":"2020-08-01T16:01:53","date_gmt":"2020-08-01T14:01:53","guid":{"rendered":"https:\/\/www.basketclubs.be\/hoopsbasket\/?page_id=25"},"modified":"2021-03-14T14:13:16","modified_gmt":"2021-03-14T13:13:16","slug":"coaches","status":"publish","type":"page","link":"https:\/\/www.basketclubs.be\/hoopsbasket\/coaches\/","title":{"rendered":"Nos Coaches"},"content":{"rendered":"<p>Il n&rsquo;y a pas de camp de qualit\u00e9 sans un coaching staff comp\u00e9tent, motiv\u00e9 et exp\u00e9riment\u00e9. Nous avons la chance de pouvoir compter sur des coaches, des entra\u00eeneurs, des pr\u00e9parateurs physiques, des joueurs et des arbitres pour qui le partage des connaissances est un must. Ils communiquent leur savoir aux \u00ab\u00a0Hoopers\u00a0\u00bb afin de les rendre plus forts techniquement, physiquement et mentalement.<\/p>\n<p>Le coaching staff varie au fil des camps, mais la qualit\u00e9 de l&rsquo;encadrement reste identique.<\/p>\n<p>Voici quelques-uns de nos collaborateurs r\u00e9guliers :<\/p>\n<p><strong>C\u00e9dric DELBRASSINNE<\/strong><\/p>\n<p><img loading=\"lazy\" decoding=\"async\" class=\"size-medium wp-image-138 alignleft\" src=\"https:\/\/www.basketclubs.be\/hoopsbasket\/wp-content\/uploads\/sites\/193\/2021\/03\/IMG_20180403_104520-175x300.jpg\" alt=\"\" width=\"175\" height=\"300\" srcset=\"https:\/\/www.basketclubs.be\/hoopsbasket\/wp-content\/uploads\/sites\/193\/2021\/03\/IMG_20180403_104520-175x300.jpg 175w, https:\/\/www.basketclubs.be\/hoopsbasket\/wp-content\/uploads\/sites\/193\/2021\/03\/IMG_20180403_104520-768x1317.jpg 768w, https:\/\/www.basketclubs.be\/hoopsbasket\/wp-content\/uploads\/sites\/193\/2021\/03\/IMG_20180403_104520-597x1024.jpg 597w, https:\/\/www.basketclubs.be\/hoopsbasket\/wp-content\/uploads\/sites\/193\/2021\/03\/IMG_20180403_104520.jpg 758w\" sizes=\"auto, (max-width: 175px) 100vw, 175px\" \/><\/p>\n<p class=\"font_7\">Joueur form\u00e9 \u00e0 Uccle avant de passer aux Castors Braine, c&rsquo;est au Fresh Air que C\u00e9dric s&rsquo;est ensuite \u00e9panoui et qu&rsquo;il est devenu l&rsquo;un des piliers du club jettois en R\u00e9gionale. Parall\u00e8lement \u00e0 sa carri\u00e8re de joueur, C\u00e9dric s&rsquo;est fait remarquer par ses qualit\u00e9s d&rsquo;entra\u00eeneur et de coach \u00e0 Uccle Europe et au Fresh Air. C\u00e9dric est dipl\u00f4m\u00e9 en kin\u00e9sith\u00e9rapie, un atout de plus pour \u00ab\u00a0HOOPS\u00a0\u00bb !<\/p>\n<div id=\"comp-jhoy78j5\" class=\"_1Z_nJ\">\n<p class=\"font_7\"><strong><span class=\"color_19\">Ayoub NOUHI<\/span><\/strong><\/p>\n<\/div>\n<div id=\"comp-jhp0jxho\" class=\"_2TxBB\" title=\"\">\n<div class=\"_2yXCL\"><img loading=\"lazy\" decoding=\"async\" class=\"size-medium wp-image-140 alignright\" src=\"https:\/\/www.basketclubs.be\/hoopsbasket\/wp-content\/uploads\/sites\/193\/2021\/03\/2-207x300.png\" alt=\"\" width=\"207\" height=\"300\" srcset=\"https:\/\/www.basketclubs.be\/hoopsbasket\/wp-content\/uploads\/sites\/193\/2021\/03\/2-207x300.png 207w, https:\/\/www.basketclubs.be\/hoopsbasket\/wp-content\/uploads\/sites\/193\/2021\/03\/2.png 584w\" sizes=\"auto, (max-width: 207px) 100vw, 207px\" \/><\/div>\n<\/div>\n<div id=\"comp-jhoy911n\" class=\"_1Z_nJ\">\n<p class=\"font_7\">Ag\u00e9 de 22 ans, Ayoub a \u00e9t\u00e9 form\u00e9 au Fresh Air avant de rejoindre le Centre de Formation AWBB de Jambes. A 18 ans, il a rejoint le club espagnol de Gran Canaria avant de revenir aider le Fresh Air \u00e0 atteindre les play-offs de r\u00e9gionale. Apr\u00e8s une exp\u00e9rience acquise au sein de la NCAA, le\u00a0 c\u00e9l\u00e8bre championnat universitaire am\u00e9ricain, Ayoub a rejoint le Phoenix Brussels en EuroMillions League (championnat belge professionnel) En outre, Ayoub repr\u00e9sente la Belgique en Basket 3&#215;3. Il a d&rsquo;ailleurs remport\u00e9 les titres de Champion d&rsquo;Europe et du Monde dans cette nouvelle discipline olympique.<\/p>\n<p><strong>Fred YOUNG<\/strong><\/p>\n<p><img loading=\"lazy\" decoding=\"async\" class=\"size-medium wp-image-130 alignleft\" src=\"https:\/\/www.basketclubs.be\/hoopsbasket\/wp-content\/uploads\/sites\/193\/2021\/03\/IMG_3291-243x300.jpg\" alt=\"\" width=\"243\" height=\"300\" srcset=\"https:\/\/www.basketclubs.be\/hoopsbasket\/wp-content\/uploads\/sites\/193\/2021\/03\/IMG_3291-243x300.jpg 243w, https:\/\/www.basketclubs.be\/hoopsbasket\/wp-content\/uploads\/sites\/193\/2021\/03\/IMG_3291-768x949.jpg 768w, https:\/\/www.basketclubs.be\/hoopsbasket\/wp-content\/uploads\/sites\/193\/2021\/03\/IMG_3291-829x1024.jpg 829w, https:\/\/www.basketclubs.be\/hoopsbasket\/wp-content\/uploads\/sites\/193\/2021\/03\/IMG_3291.jpg 1053w\" sizes=\"auto, (max-width: 243px) 100vw, 243px\" \/><\/p>\n<p>Le Coach US que tous les basketteurs bruxellois connaissent et appr\u00e9cient pour son experience et son professionnalisme. Initiateur et figure embl\u00e9matque de FormaSport, Fred dispense de nombreux camps en Belgique et aux Etats-Unis o\u00f9 il emm\u00e8ne r\u00e9guli\u00e8rement des jeunes joueurs belges afin de leur faire vivre l\u2019exp\u00e9rience des high schools et universit\u00e9s am\u00e9ricaines.<\/p>\n<\/div>\n<p><strong>Nikola SAMARDZIC<\/strong><\/p>\n<p><img loading=\"lazy\" decoding=\"async\" class=\"size-medium wp-image-121 alignright\" src=\"https:\/\/www.basketclubs.be\/hoopsbasket\/wp-content\/uploads\/sites\/193\/2021\/03\/IMG_9726-219x300.jpg\" alt=\"\" width=\"219\" height=\"300\" srcset=\"https:\/\/www.basketclubs.be\/hoopsbasket\/wp-content\/uploads\/sites\/193\/2021\/03\/IMG_9726-219x300.jpg 219w, https:\/\/www.basketclubs.be\/hoopsbasket\/wp-content\/uploads\/sites\/193\/2021\/03\/IMG_9726-768x1052.jpg 768w, https:\/\/www.basketclubs.be\/hoopsbasket\/wp-content\/uploads\/sites\/193\/2021\/03\/IMG_9726-747x1024.jpg 747w, https:\/\/www.basketclubs.be\/hoopsbasket\/wp-content\/uploads\/sites\/193\/2021\/03\/IMG_9726.jpg 949w\" sizes=\"auto, (max-width: 219px) 100vw, 219px\" \/>Jeune coach prometteur, il a fait ses premi\u00e8res armes en suivant de pr\u00e8s ses deux jeunes fr\u00e8res Vukan et Milan. Son coaching personnalis\u00e9 les a men\u00e9s vers la D1 au Brussels d\u2019abord, au Spirou Charleroi ensuite. Son exp\u00e9rience, Nikola l\u2019a mise au profit des jeunes r\u00e9gionaux du Fresh Air \u00e0 qui il inculque des valeurs de travail s\u00e9rieux et exigeant, \u00e0 l\u2019image du concept BLKNS qu\u2019il a cr\u00e9\u00e9 en 2021.<\/p>\n<p><strong>Jad RIAHI<\/strong><\/p>\n<p><img loading=\"lazy\" decoding=\"async\" class=\"size-medium wp-image-123 alignright\" src=\"https:\/\/www.basketclubs.be\/hoopsbasket\/wp-content\/uploads\/sites\/193\/2021\/03\/IMG_8072-180x300.jpg\" alt=\"\" width=\"180\" height=\"300\" srcset=\"https:\/\/www.basketclubs.be\/hoopsbasket\/wp-content\/uploads\/sites\/193\/2021\/03\/IMG_8072-180x300.jpg 180w, https:\/\/www.basketclubs.be\/hoopsbasket\/wp-content\/uploads\/sites\/193\/2021\/03\/IMG_8072-768x1278.jpg 768w, https:\/\/www.basketclubs.be\/hoopsbasket\/wp-content\/uploads\/sites\/193\/2021\/03\/IMG_8072-616x1024.jpg 616w, https:\/\/www.basketclubs.be\/hoopsbasket\/wp-content\/uploads\/sites\/193\/2021\/03\/IMG_8072.jpg 781w\" sizes=\"auto, (max-width: 180px) 100vw, 180px\" \/>Distributeur de poche mais au talent invers\u00e9ment proportionnel, Jad a acquis une belle exp\u00e9rience lors de ses ann\u00e9es pass\u00e9es au Royal IV et \u00e0 Vilvoorde en nationale 2. D\u00e9sormais meneur \u00e0 Ixelles, il communique \u00e0 nos stagiaires le plaisir du beau jeu, construit sur des variations de rythmes, des assists percutants et des shots \u00e0 distance.<\/p>\n<p><strong>Ryan GLINEU<\/strong><strong>R<\/strong><\/p>\n<p>Joue<img loading=\"lazy\" decoding=\"async\" class=\"size-medium wp-image-116 alignleft\" src=\"https:\/\/www.basketclubs.be\/hoopsbasket\/wp-content\/uploads\/sites\/193\/2021\/03\/Rayan-Glineur-225x300.jpg\" alt=\"\" width=\"225\" height=\"300\" srcset=\"https:\/\/www.basketclubs.be\/hoopsbasket\/wp-content\/uploads\/sites\/193\/2021\/03\/Rayan-Glineur-225x300.jpg 225w, https:\/\/www.basketclubs.be\/hoopsbasket\/wp-content\/uploads\/sites\/193\/2021\/03\/Rayan-Glineur-768x1024.jpg 768w, https:\/\/www.basketclubs.be\/hoopsbasket\/wp-content\/uploads\/sites\/193\/2021\/03\/Rayan-Glineur.jpg 975w\" sizes=\"auto, (max-width: 225px) 100vw, 225px\" \/>ur au Canter Schaerbeek (R\u00e9gionale) apr\u00e8s de multiples exp\u00e9riences au Fresh Air, \u00e0 United Woluw\u00e9 mais aussi \u00e0 l\u2019\u00e9tranger (USA et Italie), Ryan pr\u00e9sente d\u2019\u00e9normes qualit\u00e9s techniques et physiques. On est admiratif devant son premier pas explosif en 1 contre 1 et ses dunks ravageurs. Chaque passage de Ryan chez \u201cHOOPS\u201d est appr\u00e9ci\u00e9 \u00e0 sa juste valeur !<\/p>\n<p><strong>Patrick NAGAPIN<\/strong><\/p>\n<p><img loading=\"lazy\" decoding=\"async\" class=\"size-medium wp-image-128 alignright\" src=\"https:\/\/www.basketclubs.be\/hoopsbasket\/wp-content\/uploads\/sites\/193\/2021\/03\/IMG_7126-Copie-146x300.jpg\" alt=\"\" width=\"146\" height=\"300\" srcset=\"https:\/\/www.basketclubs.be\/hoopsbasket\/wp-content\/uploads\/sites\/193\/2021\/03\/IMG_7126-Copie-146x300.jpg 146w, https:\/\/www.basketclubs.be\/hoopsbasket\/wp-content\/uploads\/sites\/193\/2021\/03\/IMG_7126-Copie.jpg 321w\" sizes=\"auto, (max-width: 146px) 100vw, 146px\" \/><\/p>\n<p>Dipl\u00f4m\u00e9 en Education physique, Patrick s\u2019est lanc\u00e9 dans le coaching de jeunes apr\u00e8s avoir jou\u00e9 lui-m\u00eame pendant pr\u00e8s d\u2019une vingtaine d\u2019ann\u00e9es. Reconnu pour son bon maniement, sa vitesse d\u2019ex\u00e9cution et son shot \u00e0 distance, ce sont autant de qualit\u00e9s qu\u2019il partage avec les \u201cHOOPERS\u201d lors de ses visites.<\/p>\n<p><strong>Nicolas FERIN<\/strong><\/p>\n<p><img loading=\"lazy\" decoding=\"async\" class=\"alignnone size-medium wp-image-124\" src=\"https:\/\/www.basketclubs.be\/hoopsbasket\/wp-content\/uploads\/sites\/193\/2021\/03\/IMG_9497-Copie-172x300.jpg\" alt=\"\" width=\"172\" height=\"300\" srcset=\"https:\/\/www.basketclubs.be\/hoopsbasket\/wp-content\/uploads\/sites\/193\/2021\/03\/IMG_9497-Copie-172x300.jpg 172w, https:\/\/www.basketclubs.be\/hoopsbasket\/wp-content\/uploads\/sites\/193\/2021\/03\/IMG_9497-Copie-768x1341.jpg 768w, https:\/\/www.basketclubs.be\/hoopsbasket\/wp-content\/uploads\/sites\/193\/2021\/03\/IMG_9497-Copie-587x1024.jpg 587w, https:\/\/www.basketclubs.be\/hoopsbasket\/wp-content\/uploads\/sites\/193\/2021\/03\/IMG_9497-Copie.jpg 745w\" sizes=\"auto, (max-width: 172px) 100vw, 172px\" \/><\/p>\n<p><strong>Paul TESSIER<\/strong><\/p>\n<p><img loading=\"lazy\" decoding=\"async\" class=\"alignnone size-medium wp-image-126\" src=\"https:\/\/www.basketclubs.be\/hoopsbasket\/wp-content\/uploads\/sites\/193\/2021\/03\/IMG_8035-Copie-196x300.jpg\" alt=\"\" width=\"196\" height=\"300\" srcset=\"https:\/\/www.basketclubs.be\/hoopsbasket\/wp-content\/uploads\/sites\/193\/2021\/03\/IMG_8035-Copie-196x300.jpg 196w, https:\/\/www.basketclubs.be\/hoopsbasket\/wp-content\/uploads\/sites\/193\/2021\/03\/IMG_8035-Copie-768x1175.jpg 768w, https:\/\/www.basketclubs.be\/hoopsbasket\/wp-content\/uploads\/sites\/193\/2021\/03\/IMG_8035-Copie-669x1024.jpg 669w, https:\/\/www.basketclubs.be\/hoopsbasket\/wp-content\/uploads\/sites\/193\/2021\/03\/IMG_8035-Copie.jpg 850w\" sizes=\"auto, (max-width: 196px) 100vw, 196px\" \/><\/p>\n<p>Thierry DEMA<\/p>\n<p>Tony DENIES<\/p>\n<p>Chiara AUGELLO<\/p>\n<p><strong>Olivier CORHAY<\/strong><\/p>\n<p><img loading=\"lazy\" decoding=\"async\" class=\"size-medium wp-image-119 alignleft\" src=\"https:\/\/www.basketclubs.be\/hoopsbasket\/wp-content\/uploads\/sites\/193\/2021\/03\/4-253x300.png\" alt=\"\" width=\"253\" height=\"300\" srcset=\"https:\/\/www.basketclubs.be\/hoopsbasket\/wp-content\/uploads\/sites\/193\/2021\/03\/4-253x300.png 253w, https:\/\/www.basketclubs.be\/hoopsbasket\/wp-content\/uploads\/sites\/193\/2021\/03\/4-768x912.png 768w, https:\/\/www.basketclubs.be\/hoopsbasket\/wp-content\/uploads\/sites\/193\/2021\/03\/4.png 819w\" sizes=\"auto, (max-width: 253px) 100vw, 253px\" \/>Concepteur de \u201cHOOPS\u201d en 2018, Olivier est coach depuis 1991 (Fresh Air, Atomics Brussels, Linthout, selections provinciale et r\u00e9gionale de l\u2019AWBB). Head-Coach lors de nombreux camps en Belgique, en France, en Espagne et en Italie. Dipl\u00f4m\u00e9 du CESA (Centre d\u2019Etudes Sportives Appliqu\u00e9es de Paris) en preparation physique et sportive.<\/p>\n","protected":false},"excerpt":{"rendered":"<p>Il n&rsquo;y a pas de camp de qualit\u00e9 sans un coaching staff comp\u00e9tent, motiv\u00e9 et exp\u00e9riment\u00e9. Nous avons la chance de pouvoir compter sur des coaches, des entra\u00eeneurs, des pr\u00e9parateurs physiques, des joueurs et des arbitres pour qui le partage des connaissances est un must. Ils communiquent leur savoir aux \u00ab\u00a0Hoopers\u00a0\u00bb afin de les rendre [&hellip;]<\/p>\n","protected":false},"author":311,"featured_media":0,"parent":0,"menu_order":0,"comment_status":"closed","ping_status":"closed","template":"","meta":{"footnotes":""},"class_list":["post-25","page","type-page","status-publish","hentry"],"_links":{"self":[{"href":"https:\/\/www.basketclubs.be\/hoopsbasket\/wp-json\/wp\/v2\/pages\/25","targetHints":{"allow":["GET"]}}],"collection":[{"href":"https:\/\/www.basketclubs.be\/hoopsbasket\/wp-json\/wp\/v2\/pages"}],"about":[{"href":"https:\/\/www.basketclubs.be\/hoopsbasket\/wp-json\/wp\/v2\/types\/page"}],"author":[{"embeddable":true,"href":"https:\/\/www.basketclubs.be\/hoopsbasket\/wp-json\/wp\/v2\/users\/311"}],"replies":[{"embeddable":true,"href":"https:\/\/www.basketclubs.be\/hoopsbasket\/wp-json\/wp\/v2\/comments?post=25"}],"version-history":[{"count":19,"href":"https:\/\/www.basketclubs.be\/hoopsbasket\/wp-json\/wp\/v2\/pages\/25\/revisions"}],"predecessor-version":[{"id":141,"href":"https:\/\/www.basketclubs.be\/hoopsbasket\/wp-json\/wp\/v2\/pages\/25\/revisions\/141"}],"wp:attachment":[{"href":"https:\/\/www.basketclubs.be\/hoopsbasket\/wp-json\/wp\/v2\/media?parent=25"}],"curies":[{"name":"wp","href":"https:\/\/api.w.org\/{rel}","templated":true}]}}