{"id":16,"date":"2020-07-06T15:23:21","date_gmt":"2020-07-06T13:23:21","guid":{"rendered":"https:\/\/www.basketclubs.be\/jeunessebaskethotton\/?page_id=16"},"modified":"2022-06-08T20:50:22","modified_gmt":"2022-06-08T18:50:22","slug":"infos-1","status":"publish","type":"page","link":"https:\/\/www.basketclubs.be\/jeunessebaskethotton\/infos-1\/","title":{"rendered":"Cotisation"},"content":{"rendered":"<h3><u><img decoding=\"async\" src=\"http:\/\/www.icone-gif.com\/gif\/monnaie\/euro\/tresor_euro01.gif\" alt=\"\" \/>Cotisations pour les affiliations de la saison 2022-2023<img decoding=\"async\" src=\"http:\/\/www.icone-gif.com\/gif\/monnaie\/euro\/tresor_euro01.gif\" alt=\"\" \/> <\/u><\/h3>\n<h6><u>1.Montant<\/u><\/h6>\n<p>Le montant de la cotisation est d\u00e9termin\u00e9 en fonction de la cat\u00e9gorie dans laquelle \u00e9volue le membre ainsi que du nombre de prestations par semaine (entra\u00eenements et match). Pour la saison <strong>2022-2023<\/strong>, celle-ci est fix\u00e9e comme suit\u00a0:<\/p>\n<p><span style=\"text-decoration: underline\">Initiation au Basketball.<\/span><\/p>\n<ul>\n<li>U7 et Babies: <strong>105\u20ac<\/strong><\/li>\n<\/ul>\n<p><span style=\"text-decoration: underline\">Equipes engag\u00e9es en championnat<\/span><\/p>\n<ul>\n<li>U9 Pr\u00e9-Poussins mixtes: <strong>125\u20ac<\/strong><\/li>\n<li>U10 Poussins mixtes: <strong>175\u20ac<\/strong><\/li>\n<li>U12 Benjamins mixtes: <strong>175\u20ac<\/strong><\/li>\n<li>U14 Pupilles mixtes: <strong>175\u20ac<\/strong><\/li>\n<li>U16 Minimes gar\u00e7ons: <strong>175\u20ac<\/strong><\/li>\n<li>U18 Minimes gar\u00e7ons: <strong>175\u20ac<\/strong><\/li>\n<li>S\u00e9niors: <strong>175\u20ac<\/strong><\/li>\n<\/ul>\n<h6>\u00a0<u>2.Paiement<\/u><\/h6>\n<p>Le paiement est \u00e0 effectuer sur le compte <strong>BE94 0682 4677 6414<\/strong>\u00a0 de l\u2019asbl JEUNESSE BASKET HOTTON au plus tard <strong><u>pour le 31 ao\u00fbt 2022<\/u><\/strong>, en mentionnant le(s) nom(s) du \/ des joueur(s) et sa cat\u00e9gorie.<\/p>\n<p>D\u00e8s r\u00e9ception de votre paiement, et sur demande de votre part, une attestation vous sera d\u00e9livr\u00e9e pour obtenir un remboursement \u00e9ventuel de la part de votre mutuelle. Vous pouvez \u00e9galement remettre le document type de votre mutuelle \u00e0 l\u2019entraineur de votre enfant qui le fera parvenir \u00e0 la secr\u00e9taire.<\/p>\n<p>Les personnes rencontrant des difficult\u00e9s financi\u00e8res peuvent s\u2019adresser, en toute discr\u00e9tion, au tr\u00e9sorier. Une solution sera trouv\u00e9e afin que chacun puisse s\u2019adonner \u00e0 la pratique de son sport favori.<\/p>\n<h6><u>3.R\u00e9ductions<\/u><\/h6>\n<ul>\n<li>Une r\u00e9duction de <strong>2<\/strong><strong>0\u20ac<\/strong> est accord\u00e9e \u00e0 partir du 2<sup>\u00e8me\u00a0<\/sup>membre de la m\u00eame famille et vivant sous le m\u00eame toit.<\/li>\n<\/ul>\n<p style=\"text-align: right\">Le comit\u00e9<\/p>\n<p>&nbsp;<\/p>\n","protected":false},"excerpt":{"rendered":"<p>Cotisations pour les affiliations de la saison 2022-2023 1.Montant Le montant de la cotisation est d\u00e9termin\u00e9 en fonction de la cat\u00e9gorie dans laquelle \u00e9volue le membre ainsi que du nombre de prestations par semaine (entra\u00eenements et match). Pour la saison 2022-2023, celle-ci est fix\u00e9e comme suit\u00a0: Initiation au Basketball. U7 et Babies: 105\u20ac Equipes engag\u00e9es [&hellip;]<\/p>\n","protected":false},"author":70,"featured_media":0,"parent":0,"menu_order":0,"comment_status":"closed","ping_status":"closed","template":"page-templates\/page-free.php","meta":{"footnotes":""},"class_list":["post-16","page","type-page","status-publish","hentry"],"_links":{"self":[{"href":"https:\/\/www.basketclubs.be\/jeunessebaskethotton\/wp-json\/wp\/v2\/pages\/16","targetHints":{"allow":["GET"]}}],"collection":[{"href":"https:\/\/www.basketclubs.be\/jeunessebaskethotton\/wp-json\/wp\/v2\/pages"}],"about":[{"href":"https:\/\/www.basketclubs.be\/jeunessebaskethotton\/wp-json\/wp\/v2\/types\/page"}],"author":[{"embeddable":true,"href":"https:\/\/www.basketclubs.be\/jeunessebaskethotton\/wp-json\/wp\/v2\/users\/70"}],"replies":[{"embeddable":true,"href":"https:\/\/www.basketclubs.be\/jeunessebaskethotton\/wp-json\/wp\/v2\/comments?post=16"}],"version-history":[{"count":24,"href":"https:\/\/www.basketclubs.be\/jeunessebaskethotton\/wp-json\/wp\/v2\/pages\/16\/revisions"}],"predecessor-version":[{"id":1704,"href":"https:\/\/www.basketclubs.be\/jeunessebaskethotton\/wp-json\/wp\/v2\/pages\/16\/revisions\/1704"}],"wp:attachment":[{"href":"https:\/\/www.basketclubs.be\/jeunessebaskethotton\/wp-json\/wp\/v2\/media?parent=16"}],"curies":[{"name":"wp","href":"https:\/\/api.w.org\/{rel}","templated":true}]}}