{"id":3,"date":"2020-06-04T12:35:38","date_gmt":"2020-06-04T10:35:38","guid":{"rendered":"https:\/\/www.basketclubs.be\/laaj0057\/?page_id=3"},"modified":"2022-06-24T11:59:31","modified_gmt":"2022-06-24T09:59:31","slug":"history","status":"publish","type":"page","link":"https:\/\/www.basketclubs.be\/laaj0057\/history\/","title":{"rendered":"La vie de notre club"},"content":{"rendered":"<div class=\"Style5\" align=\"left\">\n<p align=\"center\"><span style=\"color: #000000\"><em><strong><u><span class=\"Style9\">IL \u00c9TAIT UNE FOIS&#8230;<br \/>\n&#8230;FAYENBOIS BASKET CLUB<\/span><\/u><\/strong><\/em><\/span><\/p>\n<p class=\"Style6\" align=\"center\"><span style=\"color: #000000\">Si 1944 annon\u00e7ait la fin toute proche d&rsquo;un r\u00e8gne aust\u00e8re et belliqueux, on \u00e9tait loin de se douter qu&rsquo;un autre grand r\u00e8gne paisible et pacifique allait voir le jour, celui de FAYENBOIS BASKET CLUB et 50ans plus tard, certains en parleraient encore, avec<\/span><br \/>\n<span style=\"color: #000000\"> bien s\u00fbr un m\u00e9lange de joie et de nostalgie<\/span><\/p>\n<\/div>\n<p class=\"Style7\" align=\"center\"><span style=\"color: #000000\">En cette ann\u00e9e-l\u00e0, l&rsquo;Europe enti\u00e8re allait commencer \u00e0 panser ses plaies. La jeunesse d&rsquo;alors \u00e9tait \u00e0 la recherche de son \u00e9panouissement et de ses distractions. Ces derni\u00e8res sont faut-il le pr\u00e9ciser, tr\u00e8s peu nombreuses et le choix est tr\u00e8s limit\u00e9.<\/span><br \/>\n<span style=\"color: #000000\"> Quelques jeunes se mirent en t\u00eate de jouer au \u00ab\u00a0BASKET &#8211; BALL \u00ab\u00a0. Qu&rsquo;est ce que cela pouvait bien \u00eatre ? Enfin, pourquoi pas ? Ils furent encourag\u00e9s par leur instituteur de l&rsquo;\u00e9poque. Monsieur Jean LUCAS qui \u00e9tant en plus professeur de gymnastique vit avec satisfaction des jeunes se diriger vers le sport, Un club de Basket-ball \u00e9tait n\u00e9.<\/span><\/p>\n<p class=\"Style7\" align=\"center\"><span style=\"color: #000000\">Il fallait un terrain, un minimum de mat\u00e9riel, un nom, une couleur et des responsables.<\/span><br \/>\n<span style=\"color: #000000\"> Le terrain !<\/span><br \/>\n<span style=\"color: #000000\"> Il fut relativement vite trouv\u00e9. C&rsquo;est dans le cadre pittoresque de \u00ab\u00a0FAYENBOIS\u00a0\u00bb, dans la cour d&rsquo;une ancienne ferme qu&rsquo; allaient pouvoir se disputer les premiers entra\u00eenements et les premi\u00e8res rencontres de Basket-ball. Cet endroit \u00e9tait surnomm\u00e9 \u00ab\u00a0Le plancher des vaches\u00a0\u00bb.<\/span><br \/>\n<span style=\"color: #000000\"> Le mat\u00e9riel !<\/span><br \/>\n<span style=\"color: #008000\"><span style=\"color: #000000\"> Quelques planches furent assembl\u00e9es et fix\u00e9es \u00e0 deux bons gros piquets. Un forgeron cintra 2 gros fers ronds pour en faire 2 anneaux. De la ficelle fut fournie \u00e0 un sympathisant qui en tressa des losanges adjacents pour constituer les premiers filets dans lesquels de gros ballons de cuir allaient y aband<\/span>onn<\/span>er une partie de la boue r\u00e9colt\u00e9e au contact du terrain.<br \/>\nLe nom!<br \/>\nAucun souci, compte tenu de l&rsquo;endroit ou l&rsquo;on allait \u00e9voluer. \u00ab\u00a0FAYENBOIS BASKET-CLUB \u00e9tait parfaitement logique.<br \/>\nLa couleur !<br \/>\nPourquoi pas celle de l&rsquo;Esp\u00e9rance et le vert fut adopt\u00e9. En ce qui concerne la num\u00e9rotation des maillots. il n\u2019y eut gu\u00e8re de probl\u00e8mes. L&rsquo;instituteur savait facilement se procurer de la craie. En faisant le gros dos, un \u00e9quipier vous y tra\u00e7ait all\u00e8grement un num\u00e9ro. Il pouvait r\u00e9p\u00e9ter la m\u00eame op\u00e9ration, en chiffres plus petits, lorsque vous lui pr\u00e9sentiez votre poitrine. (Mais non Madame. Fayenbois Basket Club ne poss\u00e9dait pas encore d&rsquo;\u00e9quipe f\u00e9minine).<br \/>\nLes responsables !<br \/>\nCe ne fut gu\u00e8re difficile non plus. L&rsquo;instituteur prit la place de Pr\u00e9sident, et les autres fonctions furent r\u00e9parties parmi les jeunes membres de l&rsquo;\u00e9quipe. Il fallut, m\u00eame falsifier la date de naissance d&rsquo;un des membres, car son trop jeune \u00e2ge ne lui permettait pas d&rsquo;occuper une fonction officielle. (N&rsquo;allez surtout pas raconter cela \u00e0 nos responsables f\u00e9d\u00e9raux).<\/p>\n<p class=\"Style7\" align=\"center\">Des statuts furent \u00e9tablis et envoy\u00e9s \u00e0 la F\u00e9d\u00e9ration de Basket-ball, qui inscrivit \u00ab\u00a0FAYENBOIS BASKET CLUB\u00a0\u00bb sous le matricule n\u00b0 57. A croire que 56 autres en Belgique avaient eu, avant, la m\u00eame id\u00e9e.<br \/>\nTout \u00e9tait pr\u00eat. On pouvait commencer la comp\u00e9tition.<br \/>\nTr\u00e8s vite, dans la commune de Jupille, on parla de \u00ab\u00a0FAYENBOYS BASKET-CLUB\u00a0\u00bb, et quelques jeunes gens vinrent rejoindre leurs a\u00een\u00e9s. Il faut dire qu&rsquo;\u00e0 cette \u00e9poque, il fallait 14 ans accomplis pour avoir acc\u00e8s \u00e0 la pratique du basket-ball. Actuellement, sous cette cat\u00e9gorie \u00ab cadets \u00bb vous pouvez voir \u00e9voluer en comp\u00e9tition des minimes, pupilles, benjamins et poussins, aussi bien filles que gar\u00e7ons. D\u00e8s l&rsquo;\u00e2ge de 6 ans, la porte de la F\u00e9d\u00e9ration Royale Belge des Soci\u00e9t\u00e9s de Basket BalI leur<br \/>\nest ouverte.<\/p>\n<p class=\"Style7\" align=\"center\">FAYENBOIS BASKET-CLUB, ne devait gu\u00e8re s&rsquo;attarder longtemps sur ce \u00ab plancher des vaches \u00bb. En effet, le vestiaire des \u00c9coles officielles (dont le club constituait d&rsquo;ailleurs une sous-section) entreprit de tailler le rocher situ\u00e9 derri\u00e8re le local (de l&rsquo;\u00e9poque)<br \/>\ndu Tennis de Fayenbois (actuellement les courts de tennis couverts).<br \/>\nPourquoi tailler le rocher ? Tout simplement pour r\u00e9aliser une aire horizontale permettant la constitution du terrain de basket. Terrain splendide, avec, d&rsquo;un c\u00f4t\u00e9, la pente naturelle des restes du rocher, d&rsquo;un deuxi\u00e8me c\u00f4t\u00e9, le bois de Fayenbois permettant de<br \/>\nbucoliques r\u00eaveries, du troisi\u00e8me, la courte mais dure mont\u00e9e donnant acc\u00e8s au dit \u00ab\u00a0terrain\u00a0\u00bb et du quatri\u00e8me enfin, le panorama \u00e0 perte de vue de Jupille et d&rsquo;une bonne partie de la ville de Li\u00e8ge.<br \/>\nEntre ce f\u00e9\u00e9rique panorama et l&rsquo;oeil de l&rsquo;observateur, il y avait une immense prairie sous-plombant le terrain, et en parfaite d\u00e9clivit\u00e9. C&rsquo;est vous dire que lorsque le ballon avait la malencontreuse id\u00e9e de passer les limites du terrain, de ce c\u00f4t\u00e9, il fallait faire<br \/>\nappel \u00e0 un \u00ab\u00a0crossman\u00a0\u00bb d\u00e9vou\u00e9, pour le poursuivre et le r\u00e9cup\u00e9rer avant qu&rsquo;il n&rsquo;atteigne le<br \/>\n\u00ab\u00a0Fond de Houlleux\u00a0\u00bb.<br \/>\nTout le monde observait la sc\u00e8ne avec bonhomie, attendant que le \u00ab\u00a0courageux\u00a0\u00bb tout haletant ram\u00e8ne ce pr\u00e9cieux ballon. Vous me direz que l&rsquo;on aurait pu continuer le match avec une autre balle, et bien non, car cette petite rondeur pr\u00e9tentieuse, qui avait d\u00e9val\u00e9 la<br \/>\ncolline \u00e9tait \u00ab\u00a0le ballon du match\u00a0\u00bb, les autres avaient fait leur temps et \u00e9taient tellement d\u00e9form\u00e9s qu&rsquo;ils ne servaient plus qu&rsquo;\u00e0 l&rsquo;entra\u00eenement.<br \/>\nEt oui! A ce moment, on s&rsquo;entra\u00eenait avec des ballon usag\u00e9s, voire m\u00eame d\u00e9form\u00e9s. Il ne fallait quand m\u00eame pas user trop vite le \u00ab\u00a0bon ballon\u00a0\u00bb. Luxe supr\u00eame! Le terrain avait \u00e9t\u00e9 dot\u00e9 de 2 vestiaires situ\u00e9s dans les caves du local du tennis et poss\u00e9daient chacun une douche (eau froide \u00e9videmment). Cela nous diff\u00e9renciait des autres clubs de la r\u00e9gion, o\u00f9 l&rsquo;on vous donnait gracieusement un seau d&rsquo;eau pour quatre, de mani\u00e8re \u00e0 vous permettre de faire dispara\u00eetre le plus gros de la boue accumul\u00e9e sur les parties visibles de votre anatomie. Quand on vous dira aussi qu&rsquo;au time de chaque match, une tasse de caf\u00e9 chaud \u00e9tait offerte, non seulement \u00e0 chaque joueur du club, mais aussi \u00e0 chacun des adversaires et m\u00eame, \u00ab noblesse oblige \u00bb aux arbitres et aux officiels, vous conviendrez s\u00fbrement que F.B.C \u00e9tait consid\u00e9r\u00e9 comme une formation accueillante. Du caf\u00e9 chaud, vous voulez rire !<br \/>\nComment une boisson chaude aurait-elle pu parvenir \u00e0 pareil endroit, \u00e0 tel moment ? Ce n&rsquo;\u00e9tait pourtant pas bien compliqu\u00e9 : une fervente supportrice se tapait le chemin, de son domicile au terrain, nantie de deux lourds paniers remplis de thermos et de tasses. Lorsque, chemin faisant, elle \u00e9tait rattrap\u00e9e par l&rsquo;un ou l&rsquo;autre joueur, celui-ci se faisait un devoir en guise d&rsquo;entra\u00eenement avant le match, de la soulager de son lourd fardeau.<\/p>\n<p class=\"Style7\" align=\"center\">Cette grande Dame ne tarda gu\u00e8re \u00e0 porter le surnom, combien m\u00e9rit\u00e9, de \u00ab\u00a0Maman deFayenbois\u00a0\u00bb, Les joueurs s&rsquo;assimil\u00e8rent assez rapidement \u00e0 la pratique du basket-ball et tr\u00e8s vite, le club fit parler de lui en se hissant vers le sommet du basket li\u00e9geois, FAYENBOIS BASKET-CLUB, devait m\u00eame d\u00e9passer les limites du basket Li\u00e9geois.<br \/>\nNous poss\u00e9dions un terrain muni de vestiaires avec douche, de bons joueurs, un comit\u00e9, un bon ballon et pas mal d&rsquo;usag\u00e9s, quelques courageux supporters, et une \u00ab maman \u00bb; \u00e9tait-ce assez pour nous permettre de r\u00eaver ? S\u00fbrement pas ! Il fallut alors penser aux moyens de subsistance; m\u00eame \u00e0 cette \u00e9poque, tout relativit\u00e9 gard\u00e9e, la question \u00ab\u00a0argent\u00a0\u00bb se posait. L&rsquo;aide apport\u00e9e par le Vestiaire des Ecoles Officielles, de l&rsquo;Administration Communale de JUPILLE et de la Soci\u00e9t\u00e9 des f\u00eates locales \u00ab\u00a0Li Bouquet\u00a0\u00bb, bien que tr\u00e8s efficace, n&rsquo;\u00e9tait gu\u00e8re suffisante,<br \/>\nC&rsquo;est ainsi que les membres du Club se sentirent na\u00eetre une \u00e2me d&rsquo;organisateur de spectacle. Des bals furent organis\u00e9s au local du tennis, lequel \u00e9tait propri\u00e9t\u00e9 du Vestiaire des Ecoles Officielles, ce qui permettait \u00e0 FAYENBOIS BASKET CLUB de jouir de l&rsquo;immunit\u00e9 de toute taxe communale, La SABAM, on feignit l&rsquo;ignorer, mais elle se rappela \u00e0 notre bon souvenir, et il fallut quand m\u00eame la payer.<br \/>\nOn organisa aussi de nombreux tournois. Nous en retiendrons un qui devait faire date dans les annales du club. Les \u00ab\u00a0Producteurs\u00a0\u00bb s&rsquo;\u00e9taient tout simplement mis en t\u00eate d&rsquo;organiser un Tournoi international de Basket-Ball.<br \/>\nEt c&rsquo;est ainsi que le vent dominant cette plaine de Fayenbois eut l&rsquo;occasion de tendre des drapeaux, fran\u00e7ais, luxembourgeois, belges et m\u00eame li\u00e9geois, (Il fallait bien remplir les quatre coins du terrain). Ce fut une formidable organisation : joueurs, membres<br \/>\ndu comit\u00e9 et sympathisants se d\u00e9vou\u00e8rent pour loger, nourrir ou tout simplement accueillir leurs homologues \u00e9trangers. Ce fut un r\u00e9el succ\u00e8s, et l&rsquo;op\u00e9ration se renouvela d&rsquo;ailleurs l&rsquo;ann\u00e9e suivante.<br \/>\nLes Fran\u00e7ais nous rendirent \u00ab la monnaie de notre pi\u00e8ce \u00bb : pas mal d&rsquo;anciens se souviendront s\u00fbrement des d\u00e9placements m\u00e9morables \u00e0 NILEVANGE et \u00e0 STRASBOURG.<br \/>\nUne organisation que l&rsquo;on ne peut passer sous silence est certes celle des \u00ab\u00a0FANCY-FAIR\u00a0\u00bb, r\u00e9alis\u00e9es \u00e0 l&rsquo;\u00e9cole de la place Ferrer (on en reparlera d&rsquo;ailleurs de cette place Ferrer).<br \/>\nPourquoi place Ferrer ? Alors que nous disposions d&rsquo;un magnifique terrain \u00e0 FAYENBOIS ! Le but \u00e9tait simple, montrer aux gens du quartier, dont la plupart des joueurs \u00e9taient issus, ce qu&rsquo;\u00e9tait vraiment le \u00ab\u00a0Basket\u00a0\u00bb, et aussi, bien s\u00fbr nous permettre de boucler<br \/>\nun budget qui devenait de plus en plus important. On vit ainsi se dessiner un terrain de basket-ball sur la cour avant de l&rsquo;\u00e9cole, un terrain comme on n&rsquo;en avait jamais vu, et comme bien s\u00fbr, on ne devait plus en voir par la suite. La moiti\u00e9 de ce terrain \u00e9tait pav\u00e9e, l&rsquo;autre en terre battue : la ligne m\u00e9diane \u00e9tait facile \u00e0 rep\u00e9rer puisque constitu\u00e9e par la rigole drainant les eaux de ce qui fut, pour la plupart, la premi\u00e8re cour de r\u00e9cr\u00e9ation.<br \/>\nLe r\u00e9el succ\u00e8s de ces \u00ab\u00a0FANCY-FAIR\u00a0\u00bb, porta les dirigeants du club \u00e0 renouveler l&rsquo;op\u00e9ration \u00e0 plusieurs reprises.<\/p>\n<p class=\"Style7\" align=\"center\">Une id\u00e9e audacieuse, peut-\u00eatre m\u00eame un peu folle, jaillit dans la t\u00eate des dirigeants. Le terrain de FAYENBOIS fut pendant un moment travers\u00e9 par une voie ferr\u00e9e sur laquelle circulait un wagonnet que, joueurs et comitards s&rsquo;effor\u00e7aient de remplir avec les<br \/>\nparticules de schiste arrach\u00e9es au flanc du rocher, \u00e0 l&rsquo;aide de pioches.<br \/>\nPourquoi une nouvelle fois en voulait-on \u00e0 ce paisible rocher ?<br \/>\nTout simplement, parce que l\u2019on voyait d\u00e9j\u00e0 cet emplacement transform\u00e9 en gradins. La l\u00e2che \u00e9tait vraiment p\u00e9nible, et le membre du comit\u00e9 (mineur de m\u00e9tier), qui nous avait procur\u00e9 rails et wagons, estimant que les travaux n&rsquo;avan\u00e7aient pas assez vite \u00e0 son gr\u00e9, entreprit de fournir des b\u00e2tons de dynamite. Mais le roc r\u00e9sista quand m\u00eame, \u00e0 croire que notre technique n&rsquo;\u00e9tait gu\u00e8re \u00e9volu\u00e9e.<br \/>\nBref, devant ce semi-\u00e9chec, le projet fut abandonn\u00e9. Ne croyez pas que le d\u00e9couragement fut la cause de l&rsquo;abandon de l&rsquo;outil. On en avait surmont\u00e9 d&rsquo;autres. Mais, petit \u00e0 petit, naquit l&rsquo;id\u00e9e de transf\u00e9rer d\u00e9finitivement les activit\u00e9s du club \u00e0 la place Ferrer.<br \/>\nBien que, comme nous vous l&rsquo;avons dit pr\u00e9c\u00e9demment, les installations de FAYENBOIS \u00e9taient magnifiques, et que ce pittoresque cadre \u00e9tait de nature \u00e0 attirer pas mal de sympathisants, l&rsquo;acc\u00e8s n\u2019y \u00e9tait pas tellement ais\u00e9.<br \/>\nLe club vieillissait, et pour cause! Auriez-vous Madame, envoy\u00e9 votre petit gar\u00e7on sur cette hauteur de JUPILLE, au risque de le voir redescendre, et un peu plus tard dans la p\u00e9nombre, apr\u00e8s un entra\u00eenement, le champ d&rsquo;\u00e9quarrissage (devenu maintenant<br \/>\nl&rsquo;avenue Henri Warnant) ou la ruelle du Diable (propice peut-\u00eatre \u00e0 quelques effusions amoureuses, mais certes pas \u00e0 la s\u00e9curit\u00e9 de trop jeunes citoyens). C&rsquo;\u00e9tait d\u00e9cid\u00e9, l&rsquo;Administration Communale de JUPILLE, le Vestiaire des Ecoles Officielles et les dirigeants du club \u00e9taient unanimes pour transf\u00e9rer FAYENBOIS Basket-Club \u00e0 l&rsquo;\u00e9cole de la place Ferrer. Un terrain f\u00fbt \u00e9rig\u00e9 sur ce que l\u2019on avait coutume d&rsquo;appeler la cour de l&rsquo;\u00e9cole gardienne.<br \/>\nTerrain splendide! Entour\u00e9 d&rsquo;arbres, quelque peu en d\u00e9clivit\u00e9, mais n\u00e9anmoins pav\u00e9 (ce qui am\u00e9liorait quand m\u00eame les conditions de jeu connues depuis la naissance du club); il fut le terrain de la progression constante du club.<br \/>\nLe local lui aussi fut transf\u00e9r\u00e9 et trouva refuge dans un caf\u00e9 bien sympathique du quartier. Les tenanciers, d\u2019ailleurs parents d&rsquo;un joueur, et par la suite grands-parents de plusieurs joueurs, nous accueillirent \u00e0 bras ouverts. Ils am\u00e9nag\u00e8rent un vestiaire dans un<br \/>\npetit local situ\u00e9 derri\u00e8re le caf\u00e9, \u00e0 l&rsquo;endroit surnomm\u00e9 jadis \u00ab le chant du coq \u00bb, et faute de coqs \u00e0 plumes, cette aire peu spacieuse, mais combien chaleureuse, vit s&rsquo;\u00e9brouer dans quelques seaux d&rsquo;eau (chaude cette fois-ci) des coqs \u00e0 p&#8230;<br \/>\nUn club de soutien fut cr\u00e9\u00e9, et dans le local du club on vit s&rsquo;organiser des concours de tir et de bowling, qui devaient nous permettre de subsister et m\u00eame d&rsquo;aller de l&rsquo;avant.<br \/>\nBon nombre d&rsquo;anciens ont encore certainement \u00e0 l&rsquo;esprit ces m\u00e9morables concours de bowling o\u00f9 tout le monde (ou presque) y mettait du sien.<br \/>\nCertains ont m\u00eame pass\u00e9 des nuits enti\u00e8res \u00e0 relever les quilles; chose bien d\u00e9courageante s&rsquo;il en est, puisque ces bouts de bois \u00e0 peine debout, il se trouvait quelqu&rsquo;un \u00e0 l&rsquo;autre bout du billard qui, un gros boulet \u00e0 la main, s&rsquo;effor\u00e7ait d&rsquo;en renverser le plus possible.<br \/>\nQuel dr\u00f4le de jeu !<\/p>\n<p class=\"Style7\" align=\"center\">Petit \u00e0 petit, nos installations se modernis\u00e8rent. Un refuge pour marqueurs et chronom\u00e9treurs fut \u00e9rig\u00e9 sur le bord du terrain. L&rsquo;\u00e9clairage fut plac\u00e9 avec l&rsquo;aide d&rsquo;un membre acrobate qui alla fixer le c\u00e2ble soutenant les phares \u00e0 la cime de deux gros poteaux de bois fournis par la R\u00e9gie des T\u00e9l\u00e9phones.<br \/>\nLa Protection Civile, jugeant que les abris qu&rsquo;elle poss\u00e9dait dans les caves de l&rsquo;\u00e9cole \u00e9taient devenus trop v\u00e9tustes et inefficaces en cas de conflit atomique, nous permit d\u2019y installer des vestiaires. On d\u00e9blaya, frotta et on y pla\u00e7a des douches (chaudes et froides).<br \/>\nOn ne s&rsquo;arr\u00eata pas l\u00e0 : l&rsquo;ancien pr\u00e9au \u00e0 l&rsquo;entr\u00e9e du terrain fut transform\u00e9 en une sympathique buvette, o\u00f9 chacun pouvait, avant, pendant et m\u00eame tr\u00e8s souvent apr\u00e8s les matches, y d\u00e9guster une boisson fra\u00eeche, ou autre suivant ses go\u00fbts.<br \/>\nPendant ce temps, FAYENBOIS BASKET CLUB poursuivait son petit bonhomme de chemin. Les jeunes arrivaient en masse et, pris en mains par un ancien joueur d\u00e9vou\u00e9, ne tard\u00e8rent gu\u00e8re \u00e0 faire honneur aux couleurs qu&rsquo;ils d\u00e9fendaient. Lorsque la F.R.B.S.B. autorisa l&rsquo;int\u00e9gration de joueurs de nationalit\u00e9 \u00e9trang\u00e8re, FAYENBOIS BASKET CLUB se paya le luxe d&rsquo;aligner un joueur am\u00e9ricain.<br \/>\nOn tira vraiment le bon num\u00e9ro ; en effet, tout le monde a encore en m\u00e9moire les prestigieuses prestations de ce talentueux et combien sympathique joueur. C&rsquo;est avec l&rsquo;aide d&rsquo;ailleurs de ce \u00ab\u00a0<u><strong>Monsieur Charly FUNCK<\/strong><\/u>\u00ab\u00a0, que le club atteint son plus haut niveau. La F.R.B.S.B. ayant d\u00e9cid\u00e9 que tous les matches de ce niveau-l\u00e0 devaient se d\u00e9rouler en salle, nous f\u00fbmes oblig\u00e9s de nous faire h\u00e9berger dans l&rsquo;unique salle existant \u00e0 JUPILLE \u00e0 cette \u00e9poque. Cette salle de la place des Combattants, nous la partagions avec le club de l&rsquo;Avenir de JUPILLE, et chaque match y jou\u00e9 voyait bon nombre de dirigeants se transformer en d\u00e9m\u00e9nageurs.<br \/>\nMais \u00e0 ce moment-l\u00e0, sur l&rsquo;une des hauteurs de JUPILLE, s\u2019ouvrait un immense chantier, duquel allait surgir la magnifique salle omnisport de l&rsquo;Ath\u00e9n\u00e9e Royal Yvon CORNET. C&rsquo;est l\u00e0, dans ce splendide complexe, nanti d&rsquo;une luxueuse caf\u00e9t\u00e9ria et d&rsquo;installations sanitaires des plus modernes, bien \u00e9clair\u00e9es et bien chauff\u00e9es, que vous avez le plaisir de voir \u00e9voluer ce club qui s&rsquo;appelle maintenant ATHENEE JUPILLE FAYENBOIS BASKET-CLUB, tout en ayant conserv\u00e9 son ancien matricule f\u00e9d\u00e9ral.<br \/>\nDans l&rsquo;\u00e9volution du club, les dames ne furent point oubli\u00e9es. Les jeunes filles venaient de plus en plus nombreuses assister aux matches, voire m\u00eame aux entra\u00eenements. Est-ce qu&rsquo;elles s\u2019int\u00e9ressaient vraiment au Basket-ball ou venaient-elles tout simplement<br \/>\nadmirer la musculature naissante de nos jeunes joueurs ? Allez savoir ! Pour percer cette \u00e9nigme, un dirigeant, ancien joueur, leur posa froidement la question : Seriez-vous, Mesdemoiselles, int\u00e9ress\u00e9es par la pratique du Basket-ball ? La r\u00e9ponse fusa comme un boulet de canon : \u00ab\u00a0Oui, Oui, Oui\u00a0\u00bb. Il les invita alors \u00e0 se trouver sur le terrain la semaine suivante, aux fins de se rendre compte s\u2019il y avait une chance de pouvoir un jour en retirer quelque chose de valable.<br \/>\nQuelle ne fut pas l\u2019\u00e9motion de notre homme lorsqu&rsquo;il vil le nombre impressionnant de jeunes demoiselles ayant d\u00e9cid\u00e9 de tenter leur chance.<\/p>\n<p class=\"Style7\" align=\"center\">Il dut \u00e0 ce moment se dire \u00ab\u00a0Qu&rsquo;ai-je fait ?\u00a0\u00bb, mais il \u00e9tait d\u00e9j\u00e0 trop tard pour faire marche arri\u00e8re et n&rsquo;eut pas le courage de d\u00e9cevoir ce beau petit monde. Au point de vue Basket-ball, \u00e9videmment !<br \/>\nAid\u00e9 par un jeune gar\u00e7on du club, il leur inculqua les premi\u00e8res notions de basket. L&rsquo;ann\u00e9e suivante, des \u00e9quipes d&rsquo;\u00e2ge f\u00e9minines faisaient leur apparition en championnat. Ces jeunes filles grandissant (en beaut\u00e9 comme il se doit), elles purent tr\u00e8s vite \u00e9voluer en \u00e9quipe \u00ab\u00a0Dames\u00a0\u00bb du Championnat Provincial Li\u00e9geois, car leur hargne, leur volont\u00e9 de vaincre et par la suite leur adresse, les hiss\u00e8rent rapidement parmi l&rsquo;\u00e9lite du Basket f\u00e9minin Li\u00e9geois.<br \/>\nLes circonstances furent telles qu&rsquo;il fallut un jour se r\u00e9signer \u00e0 ne plus inscrire d\u2019\u00e9quipe \u00ab\u00a0Dames\u00a0\u00bb en championnat. N&rsquo;en jetons la pierre \u00e0 personne, nous dirons que c&rsquo;est tout simplement dommage. Mais il est \u00e9vident que l&rsquo;id\u00e9e n\u00e9e \u00e0 cette \u00e9poque n&rsquo;est point<br \/>\nabandonn\u00e9e.<br \/>\nEn effet, nous constatons avec plaisir que des \u00e9quipes d&rsquo;\u00e2ge \u00ab\u00a0FILLES\u00a0\u00bb&lsquo; se sont reconstitu\u00e9es et qu&rsquo;elles progressent \u00e0 grands pas. Mesdemoiselles, le club compte sur vous !<br \/>\nSi les dames ne furent point oubli\u00e9es, les jeunes gar\u00e7ons issus du club, et dont l&rsquo;\u00e2ge les amenait \u00e0 devoir \u00e9voluer en \u00e9quipe premi\u00e8re, ne furent pas non plus n\u00e9glig\u00e9s. Leurs possibilit\u00e9s, soit en technique, soit en taille, ne leur permettaient pas de rivaliser avec les\u00a0\u00bbT\u00e9nors\u00a0\u00bb qui allaient devoir d\u00e9fendre les couleurs du club dans les hautes sph\u00e8res du Basket national.<br \/>\nC&rsquo;est pour cette raison, que l&rsquo;on assista \u00e0 la cr\u00e9ation de \u00ab\u00a0l&rsquo;Amicale Ath\u00e9n\u00e9e de JUPILLE\u00a0\u00bb.<br \/>\nCette formation, constitu\u00e9e par un vrai cr\u00fb du club, ne devait gu\u00e8re stationner longtemps en 4\u00e8me Provinciale o\u00f9, par la force des choses, on avait d\u00fb l&rsquo;inscrire. Ayant rapidement gravi les \u00e9chelons, elle se retrouva bient\u00f4t en 1\u00e8re Provinciale o\u00f9 elle s&rsquo;illustra<br \/>\npendant 2 saisons.<br \/>\nLeur enthousiasme et leur d\u00e9vouement faisait plaisir \u00e0 voir, t\u00e9moin ce mensuel \u00ab\u00a0SMASH\u00a0\u00bb qu&rsquo;ils publi\u00e8rent et vendirent en de nombreux exemplaires pendant 3 ann\u00e9es cons\u00e9cutives. Malheureusement pour ces \u00ab jeunes \u00bb les ann\u00e9es passent comme pour tout le monde.<br \/>\nLe poids des ans et les circonstances de la vie mat\u00e9rielle de chacun en particulier les oblig\u00e8rent \u00e0 avoir des ambitions plus modestes. C&rsquo;est ainsi que vous les voyez actuellement en 4\u00e8me Provinciale o\u00f9 ils se d\u00e9fendent avec honneur.<br \/>\nMais, de toutes fa\u00e7ons, f\u00e9licitations, Messieurs ! Et, au nom de certains anciens, malgr\u00e9 tous les \u00ab\u00a0stress\u00a0\u00bb que vous leur avez fait subir, merci pour les bons moments que vous leur avez fait revivre.<br \/>\nAttendons la rel\u00e8ve qui se profile \u00e0 l&rsquo;horizon et qui ne saurait gu\u00e8re tarder \u00e0 rendre du sang nouveau \u00e0 cette sympathique \u00e9quipe.<br \/>\nOn ne vit point avec le pass\u00e9, il faut vivre avec le pr\u00e9sent, et surtout voir le futur, c&rsquo;est bien connu !<\/p>\n<p class=\"Style7\" align=\"center\">Revue publi\u00e9e pour le cinquantenaire du club (1994)<\/p>\n<p class=\"Style7\" align=\"center\">\n","protected":false},"excerpt":{"rendered":"<p>IL \u00c9TAIT UNE FOIS&#8230; &#8230;FAYENBOIS BASKET CLUB Si 1944 annon\u00e7ait la fin toute proche d&rsquo;un r\u00e8gne aust\u00e8re et belliqueux, on \u00e9tait loin de se douter qu&rsquo;un autre grand r\u00e8gne paisible et pacifique allait voir le jour, celui de FAYENBOIS BASKET CLUB et 50ans plus tard, certains en parleraient encore, avec bien s\u00fbr un m\u00e9lange de [&hellip;]<\/p>\n","protected":false},"author":27,"featured_media":0,"parent":0,"menu_order":0,"comment_status":"closed","ping_status":"closed","template":"page-templates\/page-history.php","meta":{"footnotes":""},"class_list":["post-3","page","type-page","status-publish","hentry"],"_links":{"self":[{"href":"https:\/\/www.basketclubs.be\/laaj0057\/wp-json\/wp\/v2\/pages\/3","targetHints":{"allow":["GET"]}}],"collection":[{"href":"https:\/\/www.basketclubs.be\/laaj0057\/wp-json\/wp\/v2\/pages"}],"about":[{"href":"https:\/\/www.basketclubs.be\/laaj0057\/wp-json\/wp\/v2\/types\/page"}],"author":[{"embeddable":true,"href":"https:\/\/www.basketclubs.be\/laaj0057\/wp-json\/wp\/v2\/users\/27"}],"replies":[{"embeddable":true,"href":"https:\/\/www.basketclubs.be\/laaj0057\/wp-json\/wp\/v2\/comments?post=3"}],"version-history":[{"count":10,"href":"https:\/\/www.basketclubs.be\/laaj0057\/wp-json\/wp\/v2\/pages\/3\/revisions"}],"predecessor-version":[{"id":5312,"href":"https:\/\/www.basketclubs.be\/laaj0057\/wp-json\/wp\/v2\/pages\/3\/revisions\/5312"}],"wp:attachment":[{"href":"https:\/\/www.basketclubs.be\/laaj0057\/wp-json\/wp\/v2\/media?parent=3"}],"curies":[{"name":"wp","href":"https:\/\/api.w.org\/{rel}","templated":true}]}}