{"id":47,"date":"2014-09-24T11:34:55","date_gmt":"2014-09-24T09:34:55","guid":{"rendered":"https:\/\/www.basketclubs.be\/new-york\/?page_id=47"},"modified":"2025-07-16T10:01:03","modified_gmt":"2025-07-16T08:01:03","slug":"contact","status":"publish","type":"page","link":"https:\/\/www.basketclubs.be\/new-york\/contact\/","title":{"rendered":"Contact"},"content":{"rendered":"<h3><strong>Inscriptions<\/strong><\/h3>\n<p>Pour nous rejoindre, envoyez un e-mail \u00e0 l\u2019adresse suivante :<span class=\"Apple-converted-space\">\u00a0<\/span><a href=\"mailto:inscriptions@n-y.com\">inscriptions@n-y.com<\/a>, ou contactez notre secr\u00e9taire <em>Howard Simmons <\/em>par t\u00e9l\u00e9phone au 081\/451269.<\/p>\n<h3><strong>Cotisations et tr\u00e9sorerie<\/strong><\/h3>\n<p>Pour toute question li\u00e9e \u00e0 la tr\u00e9sorerie, envoyez un e-mail \u00e0 notre tr\u00e9sori\u00e8re <em>Lisa R. Callahan<\/em> (<a href=\"mailto:lcalla@mymail.com\">lcalla@mymail.com<\/a>).<\/p>\n<p>&nbsp;<\/p>\n<p>Pour tout autre sujet, utilisez le formulaire de contact ci-dessous.<\/p>\n","protected":false},"excerpt":{"rendered":"<p>Inscriptions Pour nous rejoindre, envoyez un e-mail \u00e0 l\u2019adresse suivante :\u00a0inscriptions@n-y.com, ou contactez notre secr\u00e9taire Howard Simmons par t\u00e9l\u00e9phone au 081\/451269. Cotisations et tr\u00e9sorerie Pour toute question li\u00e9e \u00e0 la tr\u00e9sorerie, envoyez un e-mail \u00e0 notre tr\u00e9sori\u00e8re Lisa R. Callahan (lcalla@mymail.com). &nbsp; Pour tout autre sujet, utilisez le formulaire de contact ci-dessous.<\/p>\n","protected":false},"author":5,"featured_media":0,"parent":0,"menu_order":0,"comment_status":"closed","ping_status":"closed","template":"page-templates\/page-contact.php","meta":{"footnotes":""},"class_list":["post-47","page","type-page","status-publish","hentry"],"_links":{"self":[{"href":"https:\/\/www.basketclubs.be\/new-york\/wp-json\/wp\/v2\/pages\/47","targetHints":{"allow":["GET"]}}],"collection":[{"href":"https:\/\/www.basketclubs.be\/new-york\/wp-json\/wp\/v2\/pages"}],"about":[{"href":"https:\/\/www.basketclubs.be\/new-york\/wp-json\/wp\/v2\/types\/page"}],"author":[{"embeddable":true,"href":"https:\/\/www.basketclubs.be\/new-york\/wp-json\/wp\/v2\/users\/5"}],"replies":[{"embeddable":true,"href":"https:\/\/www.basketclubs.be\/new-york\/wp-json\/wp\/v2\/comments?post=47"}],"version-history":[{"count":8,"href":"https:\/\/www.basketclubs.be\/new-york\/wp-json\/wp\/v2\/pages\/47\/revisions"}],"predecessor-version":[{"id":990,"href":"https:\/\/www.basketclubs.be\/new-york\/wp-json\/wp\/v2\/pages\/47\/revisions\/990"}],"wp:attachment":[{"href":"https:\/\/www.basketclubs.be\/new-york\/wp-json\/wp\/v2\/media?parent=47"}],"curies":[{"name":"wp","href":"https:\/\/api.w.org\/{rel}","templated":true}]}}