{"id":22,"date":"2018-09-06T23:22:31","date_gmt":"2018-09-06T21:22:31","guid":{"rendered":"https:\/\/www.basketclubs.be\/ollnight\/?page_id=22"},"modified":"2018-09-07T15:46:06","modified_gmt":"2018-09-07T13:46:06","slug":"history","status":"publish","type":"page","link":"https:\/\/www.basketclubs.be\/ollnight\/history\/","title":{"rendered":"Historique"},"content":{"rendered":"<p>Le club fut fond\u00e9 le 1er ao\u00fbt 2018 par son pr\u00e9sident Amaury Huybrechts et ses membres Jean-Philippe Hubin, Pierre-Yves Vermer, Cedric Manzi, Julien Cuvellier et Arthur Zabus,\u00a0 afin de participer au championnat de 3\u00e8me provinciale 2018-2019.<\/p>\n<p>Le BC OLLNight Louvain-la-Neuve est historiquement le premier club de l&rsquo;histoire de Louvain-la-Neuve \u00e0 participer \u00e0 une comp\u00e9tition provinciale.\u00a0 La ville compte \u00e9galement un club appartenant \u00e0 l&rsquo;Universit\u00e9 Catholique de Louvain qui participe uniquement \u00e0 des comp\u00e9titions inter-universitaires.<\/p>\n<p>L&rsquo;objectif du club est de prendre du plaisir tout en progressant et avec l&rsquo;ambition de jouer la t\u00eate du championnat.<\/p>\n<p>Le premier match officiel du club \u00e0 lieu le<strong> Samedi 8 septembre 2018 face \u00e0 l&rsquo;Eveil Auderghem.<\/strong><\/p>\n<p>Le premier match \u00e0 domicile du club aura lieu le <strong>vendredi 12 octobre 2018 face \u00e0 Fresh Air.<br \/>\n<\/strong><\/p>\n","protected":false},"excerpt":{"rendered":"<p>Le club fut fond\u00e9 le 1er ao\u00fbt 2018 par son pr\u00e9sident Amaury Huybrechts et ses membres Jean-Philippe Hubin, Pierre-Yves Vermer, Cedric Manzi, Julien Cuvellier et Arthur Zabus,\u00a0 afin de participer au championnat de 3\u00e8me provinciale 2018-2019. Le BC OLLNight Louvain-la-Neuve est historiquement le premier club de l&rsquo;histoire de Louvain-la-Neuve \u00e0 participer \u00e0 une comp\u00e9tition provinciale.\u00a0 [&hellip;]<\/p>\n","protected":false},"author":218,"featured_media":0,"parent":0,"menu_order":0,"comment_status":"closed","ping_status":"closed","template":"page-templates\/page-history.php","meta":{"footnotes":""},"class_list":["post-22","page","type-page","status-publish","hentry"],"_links":{"self":[{"href":"https:\/\/www.basketclubs.be\/ollnight\/wp-json\/wp\/v2\/pages\/22","targetHints":{"allow":["GET"]}}],"collection":[{"href":"https:\/\/www.basketclubs.be\/ollnight\/wp-json\/wp\/v2\/pages"}],"about":[{"href":"https:\/\/www.basketclubs.be\/ollnight\/wp-json\/wp\/v2\/types\/page"}],"author":[{"embeddable":true,"href":"https:\/\/www.basketclubs.be\/ollnight\/wp-json\/wp\/v2\/users\/218"}],"replies":[{"embeddable":true,"href":"https:\/\/www.basketclubs.be\/ollnight\/wp-json\/wp\/v2\/comments?post=22"}],"version-history":[{"count":6,"href":"https:\/\/www.basketclubs.be\/ollnight\/wp-json\/wp\/v2\/pages\/22\/revisions"}],"predecessor-version":[{"id":138,"href":"https:\/\/www.basketclubs.be\/ollnight\/wp-json\/wp\/v2\/pages\/22\/revisions\/138"}],"wp:attachment":[{"href":"https:\/\/www.basketclubs.be\/ollnight\/wp-json\/wp\/v2\/media?parent=22"}],"curies":[{"name":"wp","href":"https:\/\/api.w.org\/{rel}","templated":true}]}}