{"id":27,"date":"2018-11-15T16:51:35","date_gmt":"2018-11-15T15:51:35","guid":{"rendered":"https:\/\/www.basketclubs.be\/rebctempleuve\/?page_id=27"},"modified":"2025-09-18T09:33:52","modified_gmt":"2025-09-18T07:33:52","slug":"practices","status":"publish","type":"page","link":"https:\/\/www.basketclubs.be\/rebctempleuve\/practices\/","title":{"rendered":"Entra\u00eenements"},"content":{"rendered":"<p>\u00c9quipes de jeunes inscrites pour la saison 2025-2026 :<\/p>\n<pre>Babys            : joueurs(ses) n\u00e9(e)s en 2020-2021 \r\nU8 (Pr\u00e9-poussins): joueurs(ses) n\u00e9(e)s en 2018-2019 \r\nU10 (Poussins)   : joueurs(ses) n\u00e9(e)s en 2016-2017 \r\nU12 (Benjamins)  : joueurs(ses) n\u00e9(e)s en 2014-2015\r\nU14 (Pupilles)   : joueurs n\u00e9s en 2012-2013 \r\nU16 (Minimes)    : joueurs(ses) n\u00e9(e)s en 2010-2011\r\nU18 (Cadets)     : joueurs n\u00e9s en 2008-2009 \r\nU19 (Cadettes)   : joueuses n\u00e9es en 2007-2008-2009\r\n<\/pre>\n","protected":false},"excerpt":{"rendered":"<p>\u00c9quipes de jeunes inscrites pour la saison 2025-2026 : Babys : joueurs(ses) n\u00e9(e)s en 2020-2021 U8 (Pr\u00e9-poussins): joueurs(ses) n\u00e9(e)s en 2018-2019 U10 (Poussins) : joueurs(ses) n\u00e9(e)s en 2016-2017 U12 (Benjamins) : joueurs(ses) n\u00e9(e)s en 2014-2015 U14 (Pupilles) : joueurs n\u00e9s en 2012-2013 U16 (Minimes) : joueurs(ses) n\u00e9(e)s en 2010-2011 U18 (Cadets) : joueurs n\u00e9s en [&hellip;]<\/p>\n","protected":false},"author":237,"featured_media":0,"parent":0,"menu_order":0,"comment_status":"closed","ping_status":"closed","template":"page-templates\/page-practices.php","meta":{"footnotes":""},"class_list":["post-27","page","type-page","status-publish","hentry"],"_links":{"self":[{"href":"https:\/\/www.basketclubs.be\/rebctempleuve\/wp-json\/wp\/v2\/pages\/27","targetHints":{"allow":["GET"]}}],"collection":[{"href":"https:\/\/www.basketclubs.be\/rebctempleuve\/wp-json\/wp\/v2\/pages"}],"about":[{"href":"https:\/\/www.basketclubs.be\/rebctempleuve\/wp-json\/wp\/v2\/types\/page"}],"author":[{"embeddable":true,"href":"https:\/\/www.basketclubs.be\/rebctempleuve\/wp-json\/wp\/v2\/users\/237"}],"replies":[{"embeddable":true,"href":"https:\/\/www.basketclubs.be\/rebctempleuve\/wp-json\/wp\/v2\/comments?post=27"}],"version-history":[{"count":37,"href":"https:\/\/www.basketclubs.be\/rebctempleuve\/wp-json\/wp\/v2\/pages\/27\/revisions"}],"predecessor-version":[{"id":2201,"href":"https:\/\/www.basketclubs.be\/rebctempleuve\/wp-json\/wp\/v2\/pages\/27\/revisions\/2201"}],"wp:attachment":[{"href":"https:\/\/www.basketclubs.be\/rebctempleuve\/wp-json\/wp\/v2\/media?parent=27"}],"curies":[{"name":"wp","href":"https:\/\/api.w.org\/{rel}","templated":true}]}}