{"id":51,"date":"2018-10-22T20:30:54","date_gmt":"2018-10-22T18:30:54","guid":{"rendered":"https:\/\/www.basketclubs.be\/royalujk\/?page_id=51"},"modified":"2025-01-16T10:13:58","modified_gmt":"2025-01-16T09:13:58","slug":"sponsors","status":"publish","type":"page","link":"https:\/\/www.basketclubs.be\/royalujk\/sponsors\/","title":{"rendered":"Partenaires"},"content":{"rendered":"<p>Nos partenaires sont indispensables \u00e0 la bonne sant\u00e9 de notre Club.<\/p>\n<p>N&rsquo;h\u00e9sitez pas \u00e0 faire appel \u00e0 eux, si leurs services peuvent vous \u00eatre utiles.<\/p>\n<p>Si vous aussi voulez contribuer, \u00e0 votre \u00e9chelle, \u00e0 la vie du club, n&rsquo;h\u00e9sitez pas \u00e0 nous envoyer un mail \u00e0<strong><span style=\"color: #ff0000\"> royalujk@live.be<\/span><\/strong> avec votre proposition de participation, nous nous ferons un plaisir de vous compter parmi nos partenaires.<\/p>\n<p><a href=\"http:\/\/www.sirre.be\" target=\"_blank\" rel=\"noopener\">\u00a0<\/a><\/p>\n","protected":false},"excerpt":{"rendered":"<p>Nos partenaires sont indispensables \u00e0 la bonne sant\u00e9 de notre Club. N&rsquo;h\u00e9sitez pas \u00e0 faire appel \u00e0 eux, si leurs services peuvent vous \u00eatre utiles. Si vous aussi voulez contribuer, \u00e0 votre \u00e9chelle, \u00e0 la vie du club, n&rsquo;h\u00e9sitez pas \u00e0 nous envoyer un mail \u00e0 royalujk@live.be avec votre proposition de participation, nous nous ferons [&hellip;]<\/p>\n","protected":false},"author":233,"featured_media":0,"parent":0,"menu_order":0,"comment_status":"closed","ping_status":"closed","template":"page-templates\/page-sponsors.php","meta":{"footnotes":""},"class_list":["post-51","page","type-page","status-publish","hentry"],"_links":{"self":[{"href":"https:\/\/www.basketclubs.be\/royalujk\/wp-json\/wp\/v2\/pages\/51","targetHints":{"allow":["GET"]}}],"collection":[{"href":"https:\/\/www.basketclubs.be\/royalujk\/wp-json\/wp\/v2\/pages"}],"about":[{"href":"https:\/\/www.basketclubs.be\/royalujk\/wp-json\/wp\/v2\/types\/page"}],"author":[{"embeddable":true,"href":"https:\/\/www.basketclubs.be\/royalujk\/wp-json\/wp\/v2\/users\/233"}],"replies":[{"embeddable":true,"href":"https:\/\/www.basketclubs.be\/royalujk\/wp-json\/wp\/v2\/comments?post=51"}],"version-history":[{"count":45,"href":"https:\/\/www.basketclubs.be\/royalujk\/wp-json\/wp\/v2\/pages\/51\/revisions"}],"predecessor-version":[{"id":632,"href":"https:\/\/www.basketclubs.be\/royalujk\/wp-json\/wp\/v2\/pages\/51\/revisions\/632"}],"wp:attachment":[{"href":"https:\/\/www.basketclubs.be\/royalujk\/wp-json\/wp\/v2\/media?parent=51"}],"curies":[{"name":"wp","href":"https:\/\/api.w.org\/{rel}","templated":true}]}}